CRAN Package Check Results for Package SCEM

Last updated on 2022-11-29 22:53:47 CET.

Flavor Version Tinstall Tcheck Ttotal Status Flags
r-devel-linux-x86_64-debian-clang 1.1.0 3.72 250.10 253.82 OK
r-devel-linux-x86_64-debian-gcc 1.1.0 2.50 176.65 179.15 OK
r-devel-linux-x86_64-fedora-clang 1.1.0 311.29 NOTE
r-devel-linux-x86_64-fedora-gcc 1.1.0 310.50 NOTE
r-devel-windows-x86_64 1.1.0 9.00 283.00 292.00 OK
r-patched-linux-x86_64 1.1.0 3.01 234.93 237.94 OK
r-release-linux-x86_64 1.1.0 3.43 238.68 242.11 OK
r-release-macos-arm64 1.1.0 77.00 NOTE
r-release-macos-x86_64 1.1.0 116.00 NOTE
r-release-windows-x86_64 1.1.0 14.00 283.00 297.00 OK
r-oldrel-macos-arm64 1.1.0 96.00 NOTE
r-oldrel-macos-x86_64 1.1.0 89.00 NOTE
r-oldrel-windows-ix86+x86_64 1.1.0 8.00 309.00 317.00 OK

Check Details

Version: 1.1.0
Check: dependencies in R code
Result: NOTE
    Namespaces in Imports field not imported from:
     ‘devtools’ ‘mathjaxr’
     All declared Imports should be used.
Flavors: r-devel-linux-x86_64-fedora-clang, r-devel-linux-x86_64-fedora-gcc, r-release-macos-arm64, r-release-macos-x86_64, r-oldrel-macos-arm64, r-oldrel-macos-x86_64