CRAN Package Check Results for Package SBmedian

Last updated on 2023-02-06 23:55:57 CET.

Flavor Version Tinstall Tcheck Ttotal Status Flags
r-devel-linux-x86_64-debian-clang 0.1.1 38.60 78.99 117.59 NOTE
r-devel-linux-x86_64-debian-gcc 0.1.1 30.63 60.45 91.08 NOTE
r-devel-linux-x86_64-fedora-clang 0.1.1 157.21 NOTE
r-devel-linux-x86_64-fedora-gcc 0.1.1 147.24 NOTE
r-devel-windows-x86_64 0.1.1 40.00 125.00 165.00 NOTE
r-patched-linux-x86_64 0.1.1 29.20 77.14 106.34 OK
r-release-linux-x86_64 0.1.1 38.00 78.70 116.70 OK
r-release-macos-arm64 0.1.1 38.00 OK
r-release-macos-x86_64 0.1.1 56.00 OK
r-release-windows-x86_64 0.1.1 40.00 134.00 174.00 OK
r-oldrel-macos-arm64 0.1.1 45.00 OK
r-oldrel-macos-x86_64 0.1.1 58.00 OK
r-oldrel-windows-ix86+x86_64 0.1.1 93.00 146.00 239.00 OK

Check Details

Version: 0.1.1
Check: C++ specification
Result: NOTE
     Specified C++11: please update to current default of C++17
Flavors: r-devel-linux-x86_64-debian-clang, r-devel-linux-x86_64-debian-gcc, r-devel-linux-x86_64-fedora-clang, r-devel-linux-x86_64-fedora-gcc, r-devel-windows-x86_64