CRAN Package Check Results for Package SARP.moodle

Last updated on 2021-09-19 23:50:33 CEST.

Flavor Version Tinstall Tcheck Ttotal Status Flags
r-devel-linux-x86_64-debian-clang 0.8.7 5.20 39.24 44.44 OK
r-devel-linux-x86_64-debian-gcc 0.8.7 4.23 30.04 34.27 OK
r-devel-linux-x86_64-fedora-clang 0.8.7 63.67 OK
r-devel-linux-x86_64-fedora-gcc 0.8.7 52.01 OK
r-devel-windows-x86_64 0.8.7 7.00 43.00 50.00 OK
r-devel-windows-x86_64-gcc10-UCRT 0.8.7 ERROR
r-patched-linux-x86_64 0.8.7 5.24 37.53 42.77 OK
r-patched-solaris-x86 0.8.7 70.50 OK
r-release-linux-x86_64 0.8.7 4.86 37.96 42.82 OK
r-release-macos-arm64 0.8.7 OK
r-release-macos-x86_64 0.8.7 OK
r-release-windows-ix86+x86_64 0.8.7 10.00 61.00 71.00 OK
r-oldrel-macos-x86_64 0.8.7 OK
r-oldrel-windows-ix86+x86_64 0.8.7 9.00 52.00 61.00 OK

Check Details

Version: 0.8.7
Check: whether package can be installed
Result: WARN
    Found the following significant warnings:
     WARNING: installation-time patches will not be applied, could not get the patches index
Flavor: r-devel-windows-x86_64-gcc10-UCRT

Version: 0.8.7
Check: PDF version of manual
Result: WARN
    LaTeX errors when creating PDF version.
    This typically indicates Rd problems.
Flavor: r-devel-windows-x86_64-gcc10-UCRT

Version: 0.8.7
Check: PDF version of manual without hyperrefs or index
Result: ERROR
    Re-running with no redirection of stdout/stderr.
Flavor: r-devel-windows-x86_64-gcc10-UCRT