CRAN Package Check Results for Package SARP.compo

Last updated on 2021-09-19 23:50:33 CEST.

Flavor Version Tinstall Tcheck Ttotal Status Flags
r-devel-linux-x86_64-debian-clang 0.1.5 7.30 82.65 89.95 OK
r-devel-linux-x86_64-debian-gcc 0.1.5 5.59 60.56 66.15 OK
r-devel-linux-x86_64-fedora-clang 0.1.5 116.52 OK
r-devel-linux-x86_64-fedora-gcc 0.1.5 103.42 OK
r-devel-windows-x86_64 0.1.5 9.00 89.00 98.00 OK
r-devel-windows-x86_64-gcc10-UCRT 0.1.5 ERROR
r-patched-linux-x86_64 0.1.5 8.49 77.75 86.24 OK
r-patched-solaris-x86 0.1.5 149.10 OK
r-release-linux-x86_64 0.1.5 6.82 76.76 83.58 OK
r-release-macos-arm64 0.1.5 OK
r-release-macos-x86_64 0.1.5 OK
r-release-windows-ix86+x86_64 0.1.5 18.00 116.00 134.00 OK
r-oldrel-macos-x86_64 0.1.5 OK
r-oldrel-windows-ix86+x86_64 0.1.5 18.00 85.00 103.00 OK

Check Details

Version: 0.1.5
Check: whether package can be installed
Result: WARN
    Found the following significant warnings:
     WARNING: installation-time patches will not be applied, could not get the patches index
Flavor: r-devel-windows-x86_64-gcc10-UCRT

Version: 0.1.5
Check: PDF version of manual
Result: WARN
    LaTeX errors when creating PDF version.
    This typically indicates Rd problems.
Flavor: r-devel-windows-x86_64-gcc10-UCRT

Version: 0.1.5
Check: PDF version of manual without hyperrefs or index
Result: ERROR
    Re-running with no redirection of stdout/stderr.
Flavor: r-devel-windows-x86_64-gcc10-UCRT