CRAN Package Check Results for Package SAMGEP

Last updated on 2021-08-03 23:52:27 CEST.

Flavor Version Tinstall Tcheck Ttotal Status Flags
r-devel-linux-x86_64-debian-clang 0.1.0-1 50.45 294.46 344.91 OK
r-devel-linux-x86_64-debian-gcc 0.1.0-1 34.60 214.70 249.30 OK
r-devel-linux-x86_64-fedora-clang 0.1.0-1 419.72 NOTE
r-devel-linux-x86_64-fedora-gcc 0.1.0-1 402.45 NOTE
r-devel-windows-x86_64 0.1.0-1 47.00 350.00 397.00 OK
r-devel-windows-x86_64-gcc10-UCRT 0.1.0-1 NOTE
r-patched-linux-x86_64 0.1.0-1 41.39 280.20 321.59 OK
r-patched-solaris-x86 0.1.0-1 997.60 NOTE
r-release-linux-x86_64 0.1.0-1 37.15 285.01 322.16 OK
r-release-macos-arm64 0.1.0-1 NOTE
r-release-macos-x86_64 0.1.0-1 NOTE
r-release-windows-ix86+x86_64 0.1.0-1 117.00 374.00 491.00 OK
r-oldrel-macos-x86_64 0.1.0-1 NOTE
r-oldrel-windows-ix86+x86_64 0.1.0-1 84.00 379.00 463.00 OK

Check Details

Version: 0.1.0-1
Check: dependencies in R code
Result: NOTE
    Namespace in Imports field not imported from: ‘Rcpp’
     All declared Imports should be used.
Flavors: r-devel-linux-x86_64-fedora-clang, r-devel-linux-x86_64-fedora-gcc, r-devel-windows-x86_64-gcc10-UCRT, r-patched-solaris-x86, r-release-macos-arm64, r-release-macos-x86_64, r-oldrel-macos-x86_64