CRAN Package Check Results for Package SAM

Last updated on 2024-06-25 00:58:14 CEST.

Flavor Version Tinstall Tcheck Ttotal Status Flags
r-devel-linux-x86_64-debian-clang 1.1.3 90.63 45.36 135.99 NOTE
r-devel-linux-x86_64-debian-gcc 1.1.3 67.59 40.14 107.73 NOTE
r-devel-linux-x86_64-fedora-clang 1.1.3 175.99 NOTE
r-devel-linux-x86_64-fedora-gcc 1.1.3 203.41 NOTE
r-devel-windows-x86_64 1.1.3 63.00 84.00 147.00 NOTE
r-patched-linux-x86_64 1.1.3 82.65 50.17 132.82 NOTE
r-release-linux-x86_64 1.1.3 83.40 49.57 132.97 NOTE
r-release-macos-arm64 1.1.3 46.00 NOTE
r-release-macos-x86_64 1.1.3 60.00 NOTE
r-release-windows-x86_64 1.1.3 63.00 87.00 150.00 NOTE
r-oldrel-macos-arm64 1.1.3 50.00 NOTE
r-oldrel-macos-x86_64 1.1.3 83.00 NOTE
r-oldrel-windows-x86_64 1.1.3 75.00 97.00 172.00 NOTE

Check Details

Version: 1.1.3
Check: C++ specification
Result: NOTE Specified C++11: please drop specification unless essential Flavors: r-devel-linux-x86_64-debian-clang, r-devel-linux-x86_64-debian-gcc, r-devel-linux-x86_64-fedora-clang, r-devel-linux-x86_64-fedora-gcc, r-devel-windows-x86_64, r-patched-linux-x86_64, r-release-linux-x86_64, r-release-macos-arm64, r-release-macos-x86_64, r-release-windows-x86_64, r-oldrel-macos-arm64, r-oldrel-macos-x86_64, r-oldrel-windows-x86_64

Version: 1.1.3
Check: installed package size
Result: NOTE installed size is 22.4Mb sub-directories of 1Mb or more: libs 22.2Mb Flavors: r-release-macos-arm64, r-release-macos-x86_64, r-oldrel-macos-arm64, r-oldrel-macos-x86_64