CRAN Package Check Results for Package Rthingsboard

Last updated on 2023-06-01 00:59:51 CEST.

Flavor Version Tinstall Tcheck Ttotal Status Flags
r-devel-linux-x86_64-debian-clang 0.2.7 4.93 41.50 46.43 OK
r-devel-linux-x86_64-debian-gcc 0.2.7 4.29 32.24 36.53 OK
r-devel-linux-x86_64-fedora-clang 0.2.7 59.83 NOTE
r-devel-linux-x86_64-fedora-gcc 0.2.7 61.41 NOTE
r-devel-windows-x86_64 0.2.7 6.00 52.00 58.00 OK
r-patched-linux-x86_64 0.2.7 OK
r-release-linux-x86_64 0.2.7 5.60 39.78 45.38 OK
r-release-macos-arm64 0.2.7 21.00 OK
r-release-macos-x86_64 0.2.7 31.00 OK
r-release-windows-x86_64 0.2.7 8.00 57.00 65.00 OK
r-oldrel-macos-arm64 0.2.7 22.00 NOTE
r-oldrel-macos-x86_64 0.2.7 43.00 NOTE
r-oldrel-windows-x86_64 0.2.7 9.00 60.00 69.00 OK

Check Details

Version: 0.2.7
Check: dependencies in R code
Result: NOTE
    Namespaces in Imports field not imported from:
     ‘httr’ ‘logger’
     All declared Imports should be used.
Flavors: r-devel-linux-x86_64-fedora-clang, r-devel-linux-x86_64-fedora-gcc, r-oldrel-macos-arm64, r-oldrel-macos-x86_64