CRAN Package Check Results for Package Rsgf

Last updated on 2023-05-30 00:59:56 CEST.

Flavor Version Tinstall Tcheck Ttotal Status Flags
r-devel-linux-x86_64-debian-clang 1.0.0 5.61 48.45 54.06 OK
r-devel-linux-x86_64-debian-gcc 1.0.0 4.85 37.14 41.99 OK
r-devel-linux-x86_64-fedora-clang 1.0.0 68.52 NOTE
r-devel-linux-x86_64-fedora-gcc 1.0.0 70.02 NOTE
r-devel-windows-x86_64 1.0.0 7.00 55.00 62.00 OK
r-patched-linux-x86_64 1.0.0 5.33 45.96 51.29 OK
r-release-linux-x86_64 1.0.0 4.64 45.69 50.33 OK
r-release-macos-arm64 1.0.0 24.00 OK
r-release-macos-x86_64 1.0.0 37.00 OK
r-release-windows-x86_64 1.0.0 9.00 60.00 69.00 OK
r-oldrel-macos-arm64 1.0.0 25.00 NOTE
r-oldrel-macos-x86_64 1.0.0 47.00 NOTE
r-oldrel-windows-x86_64 1.0.0 8.00 66.00 74.00 OK

Check Details

Version: 1.0.0
Check: dependencies in R code
Result: NOTE
    Namespace in Imports field not imported from: ‘utils’
     All declared Imports should be used.
Flavors: r-devel-linux-x86_64-fedora-clang, r-devel-linux-x86_64-fedora-gcc, r-oldrel-macos-arm64, r-oldrel-macos-x86_64