CRAN Package Check Results for Package Rraven

Last updated on 2022-05-16 23:55:42 CEST.

Flavor Version Tinstall Tcheck Ttotal Status Flags
r-devel-linux-x86_64-debian-clang 1.0.13 4.45 53.61 58.06 OK
r-devel-linux-x86_64-debian-gcc 1.0.13 3.36 40.53 43.89 OK
r-devel-linux-x86_64-fedora-clang 1.0.13 67.87 NOTE
r-devel-linux-x86_64-fedora-gcc 1.0.13 69.62 NOTE
r-devel-windows-x86_64 1.0.13 17.00 82.00 99.00 OK
r-patched-linux-x86_64 1.0.13 8.54 51.85 60.39 OK
r-release-linux-x86_64 1.0.13 4.45 50.60 55.05 OK
r-release-macos-arm64 1.0.13 24.00 NOTE
r-release-macos-x86_64 1.0.13 36.00 NOTE
r-release-windows-x86_64 1.0.13 19.00 80.00 99.00 OK
r-oldrel-macos-arm64 1.0.13 29.00 NOTE
r-oldrel-macos-x86_64 1.0.13 36.00 NOTE
r-oldrel-windows-ix86+x86_64 1.0.13 9.00 74.00 83.00 OK

Check Details

Version: 1.0.13
Check: dependencies in R code
Result: NOTE
    Namespace in Imports field not imported from: ‘NatureSounds’
     All declared Imports should be used.
Flavors: r-devel-linux-x86_64-fedora-clang, r-devel-linux-x86_64-fedora-gcc, r-release-macos-arm64, r-release-macos-x86_64, r-oldrel-macos-arm64, r-oldrel-macos-x86_64