CRAN Package Check Results for Package RprobitB

Last updated on 2024-06-13 00:55:30 CEST.

Flavor Version Tinstall Tcheck Ttotal Status Flags
r-devel-linux-x86_64-debian-clang 1.1.4 123.02 511.56 634.58 OK
r-devel-linux-x86_64-debian-gcc 1.1.4 0.66 1.95 2.61 ERROR
r-devel-linux-x86_64-fedora-clang 1.1.4 839.64 OK
r-devel-linux-x86_64-fedora-gcc 1.1.4 770.14 OK
r-devel-windows-x86_64 1.1.4 86.00 370.00 456.00 OK
r-patched-linux-x86_64 1.1.4 78.46 468.64 547.10 OK
r-release-linux-x86_64 1.1.4 99.18 459.89 559.07 OK
r-release-macos-arm64 1.1.4 193.00 NOTE
r-release-macos-x86_64 1.1.4 272.00 NOTE
r-release-windows-x86_64 1.1.4 87.00 366.00 453.00 OK
r-oldrel-macos-arm64 1.1.4 201.00 NOTE
r-oldrel-macos-x86_64 1.1.4 493.00 NOTE
r-oldrel-windows-x86_64 1.1.4 112.00 481.00 593.00 OK

Check Details

Version: 1.1.4
Check: package dependencies
Result: ERROR Packages required but not available: 'ggplot2', 'mixtools', 'oeli', 'plotROC', 'progress', 'viridis' Packages suggested but not available for checking: 'mlogit', 'testthat' See section ‘The DESCRIPTION file’ in the ‘Writing R Extensions’ manual. Flavor: r-devel-linux-x86_64-debian-gcc

Version: 1.1.4
Check: installed package size
Result: NOTE installed size is 7.7Mb sub-directories of 1Mb or more: doc 1.4Mb libs 5.7Mb Flavors: r-release-macos-arm64, r-release-macos-x86_64, r-oldrel-macos-arm64, r-oldrel-macos-x86_64