CRAN Package Check Results for Package Rphylopars

Last updated on 2021-10-27 23:50:38 CEST.

Flavor Version Tinstall Tcheck Ttotal Status Flags
r-devel-linux-x86_64-debian-clang 0.3.2 67.72 133.22 200.94 OK
r-devel-linux-x86_64-debian-gcc 0.3.2 52.67 100.23 152.90 OK
r-devel-linux-x86_64-fedora-clang 0.3.2 268.19 OK
r-devel-linux-x86_64-fedora-gcc 0.3.2 250.08 OK
r-devel-windows-x86_64 0.3.2 85.00 173.00 258.00 OK
r-devel-windows-x86_64-gcc10-UCRT 0.3.2 OK
r-patched-linux-x86_64 0.3.2 58.08 125.47 183.55 OK
r-patched-solaris-x86 0.3.2 306.00 OK
r-release-linux-x86_64 0.3.2 56.68 124.71 181.39 OK
r-release-macos-arm64 0.3.2 NOTE
r-release-macos-x86_64 0.3.2 NOTE
r-release-windows-ix86+x86_64 0.3.2 114.00 226.00 340.00 OK
r-oldrel-macos-x86_64 0.3.2 NOTE
r-oldrel-windows-ix86+x86_64 0.3.2 110.00 226.00 336.00 OK

Check Details

Version: 0.3.2
Check: installed package size
Result: NOTE
     installed size is 7.1Mb
     sub-directories of 1Mb or more:
     libs 6.9Mb
Flavors: r-release-macos-arm64, r-release-macos-x86_64, r-oldrel-macos-x86_64