Last updated on 2023-01-30 23:56:31 CET.
Flavor | Version | Tinstall | Tcheck | Ttotal | Status | Flags |
---|---|---|---|---|---|---|
r-devel-linux-x86_64-debian-clang | 1.0.0 | 23.22 | 114.85 | 138.07 | OK | |
r-devel-linux-x86_64-debian-gcc | 1.0.0 | 21.03 | 87.74 | 108.77 | OK | |
r-devel-linux-x86_64-fedora-clang | 1.0.0 | 190.58 | NOTE | |||
r-devel-linux-x86_64-fedora-gcc | 1.0.0 | 226.69 | NOTE | |||
r-devel-windows-x86_64 | 1.0.0 | 82.00 | 198.00 | 280.00 | OK | |
r-patched-linux-x86_64 | 1.0.0 | 21.09 | 109.66 | 130.75 | OK | |
r-release-linux-x86_64 | 1.0.0 | 19.10 | 111.58 | 130.68 | OK | |
r-release-macos-arm64 | 1.0.0 | 66.00 | NOTE | |||
r-release-macos-x86_64 | 1.0.0 | 93.00 | NOTE | |||
r-release-windows-x86_64 | 1.0.0 | 65.00 | 203.00 | 268.00 | OK | |
r-oldrel-macos-arm64 | 1.0.0 | 66.00 | NOTE | |||
r-oldrel-macos-x86_64 | 1.0.0 | 93.00 | NOTE | |||
r-oldrel-windows-ix86+x86_64 | 1.0.0 | 51.00 | 265.00 | 316.00 | OK |
Version: 1.0.0
Check: dependencies in R code
Result: NOTE
Namespaces in Imports field not imported from:
‘Rdpack’ ‘bridgesampling’ ‘runjags’
All declared Imports should be used.
Flavors: r-devel-linux-x86_64-fedora-clang, r-devel-linux-x86_64-fedora-gcc, r-release-macos-arm64, r-release-macos-x86_64, r-oldrel-macos-arm64, r-oldrel-macos-x86_64
Version: 1.0.0
Check: Rd cross-references
Result: NOTE
Undeclared package ‘extraDistr’ in Rd xrefs
Flavor: r-devel-linux-x86_64-fedora-clang