CRAN Package Check Results for Package Rmosek

Last updated on 2021-05-06 23:49:44 CEST.

Flavor Version Tinstall Tcheck Ttotal Status Flags
r-devel-linux-x86_64-debian-clang 1.3.5 2.13 21.47 23.60 NOTE --no-examples --no-tests --no-vignettes
r-devel-linux-x86_64-debian-gcc 1.3.5 1.57 17.15 18.72 NOTE --no-examples --no-tests --no-vignettes
r-devel-linux-x86_64-fedora-clang 1.3.5 42.97 OK
r-devel-linux-x86_64-fedora-gcc 1.3.5 30.08 OK
r-devel-windows-ix86+x86_64 1.3.5 4.00 29.00 33.00 OK
r-devel-windows-x86_64-gcc10-UCRT 1.3.5 OK
r-patched-linux-x86_64 1.3.5 1.92 21.31 23.23 NOTE --no-examples --no-tests --no-vignettes
r-release-linux-x86_64 1.3.5 1.98 20.65 22.63 NOTE --no-examples --no-tests --no-vignettes
r-release-macos-x86_64 1.3.5 OK
r-release-windows-ix86+x86_64 1.3.5 4.00 28.00 32.00 OK
r-oldrel-macos-x86_64 1.3.5 OK
r-oldrel-windows-ix86+x86_64 1.3.5 4.00 12.00 16.00 ERROR

Check Details

Version: 1.3.5
Flags: --no-examples --no-tests --no-vignettes
Check: R code for possible problems
Result: NOTE
    Found the following calls to attach():
    File 'Rmosek/R/builder.R':
     attach(builderenv, pos, name, warn.conflicts)
    See section 'Good practice' in '?attach'.
Flavors: r-devel-linux-x86_64-debian-clang, r-devel-linux-x86_64-debian-gcc, r-patched-linux-x86_64, r-release-linux-x86_64

Version: 1.3.5
Check: whether package can be installed
Result: ERROR
    Installation failed.
Flavor: r-oldrel-windows-ix86+x86_64