CRAN Package Check Results for Package Rmalschains

Last updated on 2021-12-07 23:54:41 CET.

Flavor Version Tinstall Tcheck Ttotal Status Flags
r-devel-linux-x86_64-debian-clang 0.2-6 106.40 36.94 143.34 OK
r-devel-linux-x86_64-debian-gcc 0.2-6 76.31 29.06 105.37 OK
r-devel-linux-x86_64-fedora-clang 0.2-6 265.06 NOTE
r-devel-linux-x86_64-fedora-gcc 0.2-6 185.35 OK
r-devel-windows-x86_64-new-UL 0.2-6 194.00 107.00 301.00 OK
r-devel-windows-x86_64-new-TK 0.2-6 OK
r-devel-windows-x86_64-old 0.2-6 162.00 62.00 224.00 OK
r-patched-linux-x86_64 0.2-6 94.07 35.67 129.74 OK
r-release-linux-x86_64 0.2-6 97.11 35.23 132.34 OK
r-release-macos-arm64 0.2-6 NOTE
r-release-macos-x86_64 0.2-6 NOTE
r-release-windows-ix86+x86_64 0.2-6 253.00 83.00 336.00 OK
r-oldrel-macos-x86_64 0.2-6 NOTE
r-oldrel-windows-ix86+x86_64 0.2-6 318.00 88.00 406.00 OK

Check Details

Version: 0.2-6
Check: installed package size
Result: NOTE
     installed size is 7.0Mb
     sub-directories of 1Mb or more:
     libs 6.9Mb
Flavors: r-devel-linux-x86_64-fedora-clang, r-release-macos-arm64, r-release-macos-x86_64, r-oldrel-macos-x86_64