CRAN Package Check Results for Package Rmalschains

Last updated on 2024-06-15 00:54:16 CEST.

Flavor Version Tinstall Tcheck Ttotal Status Flags
r-devel-linux-x86_64-debian-clang 0.2-10 157.94 31.58 189.52 OK
r-devel-linux-x86_64-debian-gcc 0.2-10 110.17 24.00 134.17 OK
r-devel-linux-x86_64-fedora-clang 0.2-10 353.25 OK
r-devel-linux-x86_64-fedora-gcc 0.2-10 278.07 OK
r-devel-windows-x86_64 0.2-10 142.00 73.00 215.00 OK
r-patched-linux-x86_64 0.2-10 139.72 30.51 170.23 OK
r-release-linux-x86_64 0.2-10 137.58 30.64 168.22 OK
r-release-macos-arm64 0.2-10 57.00 NOTE
r-release-macos-x86_64 0.2-10 69.00 NOTE
r-release-windows-x86_64 0.2-10 141.00 86.00 227.00 OK
r-oldrel-macos-arm64 0.2-10 67.00 NOTE
r-oldrel-macos-x86_64 0.2-10 69.00 NOTE
r-oldrel-windows-x86_64 0.2-10 161.00 96.00 257.00 OK

Check Details

Version: 0.2-10
Check: installed package size
Result: NOTE installed size is 8.5Mb sub-directories of 1Mb or more: libs 8.4Mb Flavors: r-release-macos-arm64, r-release-macos-x86_64, r-oldrel-macos-arm64, r-oldrel-macos-x86_64