CRAN Package Check Results for Package Rmagic

Last updated on 2021-10-19 23:53:08 CEST.

Flavor Version Tinstall Tcheck Ttotal Status Flags
r-devel-linux-x86_64-debian-clang 2.0.3 9.70 98.27 107.97 OK
r-devel-linux-x86_64-debian-gcc 2.0.3 7.72 74.72 82.44 OK
r-devel-linux-x86_64-fedora-clang 2.0.3 156.57 OK
r-devel-linux-x86_64-fedora-gcc 2.0.3 143.10 OK
r-devel-windows-x86_64 2.0.3 19.00 144.00 163.00 OK
r-devel-windows-x86_64-gcc10-UCRT 2.0.3 OK
r-patched-linux-x86_64 2.0.3 6.85 93.32 100.17 OK
r-patched-solaris-x86 2.0.3 181.60 OK
r-release-linux-x86_64 2.0.3 10.60 94.07 104.67 OK
r-release-macos-arm64 2.0.3 OK
r-release-macos-x86_64 2.0.3 OK
r-release-windows-ix86+x86_64 2.0.3 23.00 146.00 169.00 OK
r-oldrel-macos-x86_64 2.0.3 OK
r-oldrel-windows-ix86+x86_64 2.0.3 32.00 15.00 47.00 ERROR

Check Details

Version: 2.0.3
Check: whether the package can be loaded
Result: ERROR
    Loading this package had a fatal error status code 1
    Loading log:
    Loading required package: Matrix
    Error: package or namespace load failed for 'Rmagic':
     .onLoad failed in loadNamespace() for 'Rmagic', details:
     call: NULL
     error: lexical error: invalid char in json text.
     NA
     (right here) ------^
    Execution halted
Flavor: r-oldrel-windows-ix86+x86_64