CRAN Package Check Results for Package RiemBase

Last updated on 2024-06-15 00:54:16 CEST.

Flavor Version Tinstall Tcheck Ttotal Status Flags
r-devel-linux-x86_64-debian-clang 0.2.5 52.18 34.52 86.70 NOTE
r-devel-linux-x86_64-debian-gcc 0.2.5 41.88 26.30 68.18 NOTE
r-devel-linux-x86_64-fedora-clang 0.2.5 120.48 NOTE
r-devel-linux-x86_64-fedora-gcc 0.2.5 133.73 NOTE
r-devel-windows-x86_64 0.2.5 42.00 69.00 111.00 NOTE
r-patched-linux-x86_64 0.2.5 50.62 33.40 84.02 NOTE
r-release-linux-x86_64 0.2.5 45.74 33.38 79.12 NOTE
r-release-macos-arm64 0.2.5 33.00 NOTE
r-release-macos-x86_64 0.2.5 53.00 NOTE
r-release-windows-x86_64 0.2.5 44.00 74.00 118.00 NOTE
r-oldrel-macos-arm64 0.2.5 36.00 NOTE
r-oldrel-macos-x86_64 0.2.5 59.00 NOTE
r-oldrel-windows-x86_64 0.2.5 53.00 80.00 133.00 NOTE

Check Details

Version: 0.2.5
Check: C++ specification
Result: NOTE Specified C++11: please drop specification unless essential Flavors: r-devel-linux-x86_64-debian-clang, r-devel-linux-x86_64-debian-gcc, r-devel-linux-x86_64-fedora-clang, r-devel-linux-x86_64-fedora-gcc, r-devel-windows-x86_64, r-patched-linux-x86_64, r-release-linux-x86_64, r-release-macos-arm64, r-release-macos-x86_64, r-release-windows-x86_64, r-oldrel-macos-arm64, r-oldrel-macos-x86_64, r-oldrel-windows-x86_64

Version: 0.2.5
Check: installed package size
Result: NOTE installed size is 5.5Mb sub-directories of 1Mb or more: libs 5.3Mb Flavors: r-release-macos-arm64, r-release-macos-x86_64, r-oldrel-macos-arm64, r-oldrel-macos-x86_64