CRAN Package Check Results for Package Rgff

Last updated on 2023-06-09 00:54:32 CEST.

Flavor Version Tinstall Tcheck Ttotal Status Flags
r-devel-linux-x86_64-debian-clang 0.1.6 4.28 80.65 84.93 OK
r-devel-linux-x86_64-debian-gcc 0.1.6 4.76 61.66 66.42 OK
r-devel-linux-x86_64-fedora-clang 0.1.6 111.31 NOTE
r-devel-linux-x86_64-fedora-gcc 0.1.6 120.33 NOTE
r-devel-windows-x86_64 0.1.6 8.00 82.00 90.00 OK
r-patched-linux-x86_64 0.1.6 3.80 75.92 79.72 OK
r-release-linux-x86_64 0.1.6 3.76 75.97 79.73 OK
r-release-macos-arm64 0.1.6 42.00 OK
r-release-macos-x86_64 0.1.6 71.00 OK
r-release-windows-x86_64 0.1.6 8.00 94.00 102.00 OK
r-oldrel-macos-arm64 0.1.6 42.00 NOTE
r-oldrel-macos-x86_64 0.1.6 55.00 NOTE
r-oldrel-windows-x86_64 0.1.6 8.00 92.00 100.00 OK

Check Details

Version: 0.1.6
Check: dependencies in R code
Result: NOTE
    Namespace in Imports field not imported from: ‘tidyr’
     All declared Imports should be used.
Flavors: r-devel-linux-x86_64-fedora-clang, r-devel-linux-x86_64-fedora-gcc, r-oldrel-macos-arm64, r-oldrel-macos-x86_64