CRAN Package Check Results for Package Rga4gh

Last updated on 2022-01-23 23:50:28 CET.

Flavor Version Tinstall Tcheck Ttotal Status Flags
r-devel-linux-x86_64-debian-clang 0.1.1 2.57 34.39 36.96 NOTE
r-devel-linux-x86_64-debian-gcc 0.1.1 1.95 30.20 32.15 NOTE
r-devel-linux-x86_64-fedora-clang 0.1.1 46.51 NOTE
r-devel-linux-x86_64-fedora-gcc 0.1.1 36.30 NOTE
r-devel-windows-x86_64-new-UL 0.1.1 43.00 56.00 99.00 NOTE
r-devel-windows-x86_64-new-TK 0.1.1 NOTE
r-patched-linux-x86_64 0.1.1 2.62 34.09 36.71 NOTE
r-release-linux-x86_64 0.1.1 2.20 32.99 35.19 NOTE
r-release-macos-arm64 0.1.1 NOTE
r-release-macos-x86_64 0.1.1 NOTE
r-release-windows-ix86+x86_64 0.1.1 5.00 44.00 49.00 NOTE
r-oldrel-macos-x86_64 0.1.1 OK
r-oldrel-windows-ix86+x86_64 0.1.1 6.00 44.00 50.00 OK

Check Details

Version: 0.1.1
Check: LazyData
Result: NOTE
     'LazyData' is specified without a 'data' directory
Flavors: r-devel-linux-x86_64-debian-clang, r-devel-linux-x86_64-debian-gcc, r-devel-linux-x86_64-fedora-clang, r-devel-linux-x86_64-fedora-gcc, r-devel-windows-x86_64-new-UL, r-devel-windows-x86_64-new-TK, r-patched-linux-x86_64, r-release-linux-x86_64, r-release-macos-arm64, r-release-macos-x86_64, r-release-windows-ix86+x86_64