CRAN Package Check Results for Package Rfast2

Last updated on 2024-06-13 00:55:29 CEST.

Flavor Version Tinstall Tcheck Ttotal Status Flags
r-devel-linux-x86_64-debian-clang 0.1.5.2 641.57 84.12 725.69 OK
r-devel-linux-x86_64-debian-gcc 0.1.5.2 423.85 63.19 487.04 OK
r-devel-linux-x86_64-fedora-clang 0.1.5.2 1069.47 OK
r-devel-linux-x86_64-fedora-gcc 0.1.5.2 650.87 OK
r-devel-windows-x86_64 0.1.5.2 498.00 129.00 627.00 OK
r-patched-linux-x86_64 0.1.5.2 564.20 82.23 646.43 OK
r-release-linux-x86_64 0.1.5.2 554.58 80.53 635.11 OK
r-release-macos-arm64 0.1.5.2 167.00 NOTE
r-release-macos-x86_64 0.1.5.2 151.00 NOTE
r-release-windows-x86_64 0.1.5.2 505.00 134.00 639.00 OK
r-oldrel-macos-arm64 0.1.5.2 172.00 NOTE
r-oldrel-macos-x86_64 0.1.5.2 202.00 NOTE
r-oldrel-windows-x86_64 0.1.5.2 601.00 159.00 760.00 OK

Check Details

Version: 0.1.5.2
Check: installed package size
Result: NOTE installed size is 22.9Mb sub-directories of 1Mb or more: libs 22.1Mb Flavors: r-release-macos-arm64, r-release-macos-x86_64, r-oldrel-macos-arm64, r-oldrel-macos-x86_64