CRAN Package Check Results for Package Revticulate

Last updated on 2024-06-16 23:49:05 CEST.

Flavor Version Tinstall Tcheck Ttotal Status Flags
r-devel-linux-x86_64-debian-clang 1.0.0 5.53 37.73 43.26 NOTE
r-devel-linux-x86_64-debian-gcc 1.0.0 4.05 29.23 33.28 NOTE
r-devel-linux-x86_64-fedora-clang 1.0.0 55.24 NOTE
r-devel-linux-x86_64-fedora-gcc 1.0.0 52.67 NOTE
r-devel-windows-x86_64 1.0.0 5.00 51.00 56.00 NOTE
r-patched-linux-x86_64 1.0.0 4.83 36.42 41.25 NOTE
r-release-linux-x86_64 1.0.0 4.47 37.92 42.39 NOTE
r-release-macos-arm64 1.0.0 17.00 NOTE
r-release-macos-x86_64 1.0.0 27.00 NOTE
r-release-windows-x86_64 1.0.0 7.00 51.00 58.00 NOTE
r-oldrel-macos-arm64 1.0.0 20.00 NOTE
r-oldrel-macos-x86_64 1.0.0 29.00 OK
r-oldrel-windows-x86_64 1.0.0 6.00 58.00 64.00 OK

Check Details

Version: 1.0.0
Check: Rd files
Result: NOTE checkRd: (-1) saveRev.Rd:12: Lost braces; missing escapes or markup? 12 | \item{use_wd}{logical - If TRUE, the history will be prepended by setwd({'users current working directory'}). This function will set the script's working directory to | ^ Flavors: r-devel-linux-x86_64-debian-clang, r-devel-linux-x86_64-debian-gcc, r-devel-linux-x86_64-fedora-clang, r-devel-linux-x86_64-fedora-gcc, r-devel-windows-x86_64, r-patched-linux-x86_64, r-release-linux-x86_64, r-release-macos-arm64, r-release-macos-x86_64, r-release-windows-x86_64

Version: 1.0.0
Check: package dependencies
Result: NOTE Package suggested but not available for checking: ‘RevGadgets’ Flavor: r-oldrel-macos-arm64