CRAN Package Check Results for Package RelValAnalysis

Last updated on 2022-01-20 23:52:26 CET.

Flavor Version Tinstall Tcheck Ttotal Status Flags
r-devel-linux-x86_64-debian-clang 1.0 NOTE
r-devel-linux-x86_64-debian-gcc 1.0 2.67 32.07 34.74 NOTE
r-devel-linux-x86_64-fedora-clang 1.0 55.45 NOTE
r-devel-linux-x86_64-fedora-gcc 1.0 44.85 NOTE
r-devel-windows-x86_64-new-UL 1.0 86.00 68.00 154.00 NOTE
r-devel-windows-x86_64-new-TK 1.0 NOTE
r-patched-linux-x86_64 1.0 3.79 39.50 43.29 NOTE
r-release-linux-x86_64 1.0 3.10 39.69 42.79 NOTE
r-release-macos-arm64 1.0 NOTE
r-release-macos-x86_64 1.0 NOTE
r-release-windows-ix86+x86_64 1.0 8.00 50.00 58.00 NOTE
r-oldrel-macos-x86_64 1.0 NOTE
r-oldrel-windows-ix86+x86_64 1.0 8.00 49.00 57.00 NOTE

Check Details

Version: 1.0
Check: R code for possible problems
Result: NOTE
    CapDistSlope: no visible global function definition for 'coef'
    CapDistSlope: no visible global function definition for 'lm'
    EnergyEntropyDecomp: no visible global function definition for 'legend'
    FernholzDecomp: no visible global function definition for 'legend'
    Invest: no visible global function definition for 'par'
    Invest: no visible global function definition for 'legend'
    SimMarketModel: no visible global function definition for 'rnorm'
    plot.capdist: no visible global function definition for 'abline'
    plot.capdist: no visible global function definition for 'lm'
    plot.toymkt: no visible global function definition for 'par'
    plot.toymkt: no visible global function definition for 'legend'
    Undefined global functions or variables:
     abline coef legend lm par rnorm
    Consider adding
     importFrom("graphics", "abline", "legend", "par")
     importFrom("stats", "coef", "lm", "rnorm")
    to your NAMESPACE file.
Flavors: r-devel-linux-x86_64-debian-clang, r-devel-linux-x86_64-debian-gcc, r-devel-linux-x86_64-fedora-clang, r-devel-linux-x86_64-fedora-gcc, r-devel-windows-x86_64-new-UL, r-devel-windows-x86_64-new-TK, r-patched-linux-x86_64, r-release-linux-x86_64, r-release-macos-arm64, r-release-macos-x86_64, r-release-windows-ix86+x86_64, r-oldrel-macos-x86_64, r-oldrel-windows-ix86+x86_64