CRAN Package Check Results for Package Recon

Last updated on 2022-01-26 23:50:30 CET.

Flavor Version Tinstall Tcheck Ttotal Status Flags
r-devel-linux-x86_64-debian-clang 0.3.0.0 1.95 31.52 33.47 NOTE
r-devel-linux-x86_64-debian-gcc 0.3.0.0 1.62 24.33 25.95 NOTE
r-devel-linux-x86_64-fedora-clang 0.3.0.0 41.45 NOTE
r-devel-linux-x86_64-fedora-gcc 0.3.0.0 30.30 NOTE
r-devel-windows-x86_64-new-UL 0.3.0.0 15.00 47.00 62.00 NOTE
r-devel-windows-x86_64-new-TK 0.3.0.0 NOTE
r-patched-linux-x86_64 0.3.0.0 2.29 30.07 32.36 NOTE
r-release-linux-x86_64 0.3.0.0 2.07 29.54 31.61 NOTE
r-release-macos-arm64 0.3.0.0 NOTE
r-release-macos-x86_64 0.3.0.0 NOTE
r-release-windows-ix86+x86_64 0.3.0.0 6.00 38.00 44.00 NOTE
r-oldrel-macos-x86_64 0.3.0.0 OK
r-oldrel-windows-ix86+x86_64 0.3.0.0 7.00 39.00 46.00 OK

Check Details

Version: 0.3.0.0
Check: LazyData
Result: NOTE
     'LazyData' is specified without a 'data' directory
Flavors: r-devel-linux-x86_64-debian-clang, r-devel-linux-x86_64-debian-gcc, r-devel-linux-x86_64-fedora-clang, r-devel-linux-x86_64-fedora-gcc, r-devel-windows-x86_64-new-UL, r-devel-windows-x86_64-new-TK, r-patched-linux-x86_64, r-release-linux-x86_64, r-release-macos-arm64, r-release-macos-x86_64, r-release-windows-ix86+x86_64