Last updated on 2023-05-30 00:59:54 CEST.
Flavor | Version | Tinstall | Tcheck | Ttotal | Status | Flags |
---|---|---|---|---|---|---|
r-devel-linux-x86_64-debian-clang | 0.2.11 | 32.56 | 270.21 | 302.77 | OK | |
r-devel-linux-x86_64-debian-gcc | 0.2.11 | 25.84 | 202.92 | 228.76 | OK | |
r-devel-linux-x86_64-fedora-clang | 0.2.11 | 369.91 | OK | |||
r-devel-linux-x86_64-fedora-gcc | 0.2.11 | 386.55 | OK | |||
r-devel-windows-x86_64 | 0.2.11 | 25.00 | 169.00 | 194.00 | OK | |
r-patched-linux-x86_64 | 0.2.11 | 29.69 | 257.89 | 287.58 | OK | |
r-release-linux-x86_64 | 0.2.11 | 30.34 | 258.29 | 288.63 | OK | |
r-release-macos-arm64 | 0.2.11 | 78.00 | OK | |||
r-release-macos-x86_64 | 0.2.10 | 162.00 | NOTE | |||
r-release-windows-x86_64 | 0.2.11 | 32.00 | 231.00 | 263.00 | OK | |
r-oldrel-macos-arm64 | 0.2.11 | 78.00 | OK | |||
r-oldrel-macos-x86_64 | 0.2.11 | 110.00 | OK | |||
r-oldrel-windows-x86_64 | 0.2.11 | 33.00 | 225.00 | 258.00 | OK |
Version: 0.2.10
Check: LazyData
Result: NOTE
'LazyData' is specified without a 'data' directory
Flavor: r-release-macos-x86_64