CRAN Package Check Results for Package ReacTran

Last updated on 2022-01-25 23:50:36 CET.

Flavor Version Tinstall Tcheck Ttotal Status Flags
r-devel-linux-x86_64-debian-clang 1.4.3.1 9.51 84.27 93.78 NOTE
r-devel-linux-x86_64-debian-gcc 1.4.3.1 8.35 67.73 76.08 NOTE
r-devel-linux-x86_64-fedora-clang 1.4.3.1 120.22 NOTE
r-devel-linux-x86_64-fedora-gcc 1.4.3.1 108.80 NOTE
r-devel-windows-x86_64-new-UL 1.4.3.1 60.00 151.00 211.00 NOTE
r-devel-windows-x86_64-new-TK 1.4.3.1 NOTE
r-patched-linux-x86_64 1.4.3.1 10.43 82.32 92.75 NOTE
r-release-linux-x86_64 1.4.3.1 9.37 81.40 90.77 NOTE
r-release-macos-arm64 1.4.3.1 NOTE
r-release-macos-x86_64 1.4.3.1 NOTE
r-release-windows-ix86+x86_64 1.4.3.1 24.00 117.00 141.00 NOTE
r-oldrel-macos-x86_64 1.4.3.1 OK
r-oldrel-windows-ix86+x86_64 1.4.3.1 23.00 124.00 147.00 OK

Check Details

Version: 1.4.3.1
Check: LazyData
Result: NOTE
     'LazyData' is specified without a 'data' directory
Flavors: r-devel-linux-x86_64-debian-clang, r-devel-linux-x86_64-debian-gcc, r-devel-linux-x86_64-fedora-clang, r-devel-linux-x86_64-fedora-gcc, r-devel-windows-x86_64-new-UL, r-devel-windows-x86_64-new-TK, r-patched-linux-x86_64, r-release-linux-x86_64, r-release-macos-arm64, r-release-macos-x86_64, r-release-windows-ix86+x86_64