CRAN Package Check Results for Package RcppXsimd

Last updated on 2024-06-14 00:53:55 CEST.

Flavor Version Tinstall Tcheck Ttotal Status Flags
r-devel-linux-x86_64-debian-clang 7.1.6 22.18 54.51 76.69 NOTE
r-devel-linux-x86_64-debian-gcc 7.1.6 14.86 22.75 37.61 ERROR
r-devel-linux-x86_64-fedora-clang 7.1.6 106.56 NOTE
r-devel-linux-x86_64-fedora-gcc 7.1.6 98.51 NOTE
r-devel-windows-x86_64 7.1.6 21.00 77.00 98.00 NOTE
r-patched-linux-x86_64 7.1.6 17.99 48.21 66.20 NOTE
r-release-linux-x86_64 7.1.6 17.47 48.67 66.14 NOTE
r-release-macos-arm64 7.1.6 22.00 NOTE
r-release-macos-x86_64 7.1.6 39.00 NOTE
r-release-windows-x86_64 7.1.6 20.00 75.00 95.00 NOTE
r-oldrel-macos-arm64 7.1.6 25.00 NOTE
r-oldrel-macos-x86_64 7.1.6 50.00 NOTE
r-oldrel-windows-x86_64 7.1.6 23.00 83.00 106.00 NOTE

Check Details

Version: 7.1.6
Check: C++ specification
Result: NOTE Specified C++14: please drop specification unless essential Flavors: r-devel-linux-x86_64-debian-clang, r-devel-linux-x86_64-debian-gcc, r-devel-linux-x86_64-fedora-clang, r-devel-linux-x86_64-fedora-gcc, r-devel-windows-x86_64, r-patched-linux-x86_64, r-release-linux-x86_64, r-release-macos-arm64, r-release-macos-x86_64, r-release-windows-x86_64, r-oldrel-macos-arm64, r-oldrel-macos-x86_64, r-oldrel-windows-x86_64

Version: 7.1.6
Check: package dependencies
Result: NOTE Package suggested but not available for checking: ‘testthat’ Flavor: r-devel-linux-x86_64-debian-gcc

Version: 7.1.6
Check: tests
Result: ERROR Running ‘testthat.R’ [0s/1s] Running the tests in ‘tests/testthat.R’ failed. Complete output: > library(testthat) Error in library(testthat) : there is no package called 'testthat' Execution halted Flavor: r-devel-linux-x86_64-debian-gcc