Last updated on 2023-02-06 23:55:55 CET.
Flavor | Version | Tinstall | Tcheck | Ttotal | Status | Flags |
---|---|---|---|---|---|---|
r-devel-linux-x86_64-debian-clang | 7.1.6 | 20.29 | 52.75 | 73.04 | NOTE | |
r-devel-linux-x86_64-debian-gcc | 7.1.6 | 14.58 | 37.29 | 51.87 | NOTE | |
r-devel-linux-x86_64-fedora-clang | 7.1.6 | 99.58 | NOTE | |||
r-devel-linux-x86_64-fedora-gcc | 7.1.6 | 86.31 | NOTE | |||
r-devel-windows-x86_64 | 7.1.6 | 62.00 | 98.00 | 160.00 | NOTE | |
r-patched-linux-x86_64 | 7.1.6 | 15.99 | 47.06 | 63.05 | OK | |
r-release-linux-x86_64 | 7.1.6 | 16.16 | 46.82 | 62.98 | OK | |
r-release-macos-arm64 | 7.1.6 | 23.00 | OK | |||
r-release-macos-x86_64 | 7.1.6 | 40.00 | OK | |||
r-release-windows-x86_64 | 7.1.6 | 45.00 | 101.00 | 146.00 | OK | |
r-oldrel-macos-arm64 | 7.1.6 | 28.00 | OK | |||
r-oldrel-macos-x86_64 | 7.1.6 | 48.00 | OK | |||
r-oldrel-windows-ix86+x86_64 | 7.1.6 | 53.00 | 98.00 | 151.00 | OK |
Version: 7.1.6
Check: C++ specification
Result: NOTE
Specified C++14: please update to current default of C++17
Flavors: r-devel-linux-x86_64-debian-clang, r-devel-linux-x86_64-debian-gcc, r-devel-linux-x86_64-fedora-clang, r-devel-linux-x86_64-fedora-gcc, r-devel-windows-x86_64