CRAN Package Check Results for Package RcppThread

Last updated on 2021-12-03 23:50:09 CET.

Flavor Version Tinstall Tcheck Ttotal Status Flags
r-devel-linux-x86_64-debian-clang 1.0.0 1.73 49.15 50.88 NOTE
r-devel-linux-x86_64-debian-gcc 1.0.0 1.39 35.85 37.24 NOTE
r-devel-linux-x86_64-fedora-clang 1.0.0 81.69 NOTE
r-devel-linux-x86_64-fedora-gcc 1.0.0 65.71 NOTE
r-devel-windows-x86_64-new-UL 1.0.0 6.00 88.00 94.00 NOTE
r-devel-windows-x86_64-new-TK 1.0.0 NOTE
r-devel-windows-x86_64-old 1.0.0 4.00 52.00 56.00 NOTE
r-patched-linux-x86_64 1.0.0 1.75 44.42 46.17 NOTE
r-release-linux-x86_64 1.0.0 1.65 43.92 45.57 NOTE
r-release-macos-arm64 1.0.0 NOTE
r-release-macos-x86_64 1.0.0 NOTE
r-release-windows-ix86+x86_64 1.0.0 5.00 63.00 68.00 NOTE
r-oldrel-macos-x86_64 1.0.0 OK
r-oldrel-windows-ix86+x86_64 1.0.0 25.00 65.00 90.00 OK

Check Details

Version: 1.0.0
Check: LazyData
Result: NOTE
     'LazyData' is specified without a 'data' directory
Flavors: r-devel-linux-x86_64-debian-clang, r-devel-linux-x86_64-debian-gcc, r-devel-linux-x86_64-fedora-clang, r-devel-linux-x86_64-fedora-gcc, r-devel-windows-x86_64-new-UL, r-devel-windows-x86_64-new-TK, r-devel-windows-x86_64-old, r-patched-linux-x86_64, r-release-linux-x86_64, r-release-macos-arm64, r-release-macos-x86_64, r-release-windows-ix86+x86_64