Last updated on 2023-02-06 23:55:55 CET.
Flavor | Version | Tinstall | Tcheck | Ttotal | Status | Flags |
---|---|---|---|---|---|---|
r-devel-linux-x86_64-debian-clang | 0.1.3 | 73.83 | 26.43 | 100.26 | NOTE | |
r-devel-linux-x86_64-debian-gcc | 0.1.3 | 71.04 | 24.34 | 95.38 | NOTE | |
r-devel-linux-x86_64-fedora-clang | 0.1.3 | 161.38 | NOTE | |||
r-devel-linux-x86_64-fedora-gcc | 0.1.3 | 153.72 | NOTE | |||
r-devel-windows-x86_64 | 0.1.3 | 198.00 | 95.00 | 293.00 | NOTE | |
r-patched-linux-x86_64 | 0.1.3 | 75.90 | 31.02 | 106.92 | OK | |
r-release-linux-x86_64 | 0.1.3 | 77.82 | 30.43 | 108.25 | OK | |
r-release-macos-arm64 | 0.1.3 | 41.00 | NOTE | |||
r-release-macos-x86_64 | 0.1.3 | 62.00 | NOTE | |||
r-release-windows-x86_64 | 0.1.3 | 129.00 | 92.00 | 221.00 | OK | |
r-oldrel-macos-arm64 | 0.1.3 | 45.00 | NOTE | |||
r-oldrel-macos-x86_64 | 0.1.3 | 74.00 | NOTE | |||
r-oldrel-windows-ix86+x86_64 | 0.1.3 | 221.00 | 102.00 | 323.00 | OK |
Version: 0.1.3
Check: C++ specification
Result: NOTE
Specified C++11: please update to current default of C++17
Flavors: r-devel-linux-x86_64-debian-clang, r-devel-linux-x86_64-debian-gcc, r-devel-linux-x86_64-fedora-clang, r-devel-linux-x86_64-fedora-gcc, r-devel-windows-x86_64
Version: 0.1.3
Check: installed package size
Result: NOTE
installed size is 5.3Mb
sub-directories of 1Mb or more:
libs 4.5Mb
Flavors: r-release-macos-arm64, r-release-macos-x86_64, r-oldrel-macos-arm64, r-oldrel-macos-x86_64