CRAN Package Check Results for Package RcppRedis

Last updated on 2021-11-28 23:50:37 CET.

Flavor Version Tinstall Tcheck Ttotal Status Flags
r-devel-linux-x86_64-debian-clang 0.1.11 OK
r-devel-linux-x86_64-debian-gcc 0.1.11 16.66 31.94 48.60 OK
r-devel-linux-x86_64-fedora-clang 0.1.11 112.24 OK
r-devel-linux-x86_64-fedora-gcc 0.1.11 96.79 OK
r-devel-windows-x86_64-new-UL 0.1.11 32.00 108.00 140.00 WARN
r-devel-windows-x86_64-new-TK 0.1.11 OK
r-devel-windows-x86_64-old 0.1.11 21.00 58.00 79.00 OK
r-patched-linux-x86_64 0.1.11 22.90 39.78 62.68 OK
r-release-linux-x86_64 0.1.11 20.89 39.09 59.98 OK
r-release-macos-arm64 0.1.11 OK
r-release-macos-x86_64 0.1.11 OK
r-release-windows-ix86+x86_64 0.1.11 51.00 74.00 125.00 OK
r-oldrel-macos-x86_64 0.1.11 OK
r-oldrel-windows-ix86+x86_64 0.1.11 39.00 92.00 131.00 OK

Check Details

Version: 0.1.11
Check: whether package can be installed
Result: WARN
    Found the following significant warnings:
     ../windows/hiredis-1.0.0/include/hiredis/sds.h:53:10: warning: ISO C++ forbids flexible array member 'buf' [-Wpedantic]
     ../windows/hiredis-1.0.0/include/hiredis/sds.h:59:10: warning: ISO C++ forbids flexible array member 'buf' [-Wpedantic]
     ../windows/hiredis-1.0.0/include/hiredis/sds.h:65:10: warning: ISO C++ forbids flexible array member 'buf' [-Wpedantic]
     ../windows/hiredis-1.0.0/include/hiredis/sds.h:71:10: warning: ISO C++ forbids flexible array member 'buf' [-Wpedantic]
     ../windows/hiredis-1.0.0/include/hiredis/sds.h:77:10: warning: ISO C++ forbids flexible array member 'buf' [-Wpedantic]
Flavor: r-devel-windows-x86_64-new-UL