Last updated on 2022-06-24 23:50:20 CEST.
Flavor | Version | Tinstall | Tcheck | Ttotal | Status | Flags |
---|---|---|---|---|---|---|
r-devel-linux-x86_64-debian-clang | 0.1.0 | 164.21 | 30.97 | 195.18 | OK | |
r-devel-linux-x86_64-debian-gcc | 0.1.0 | 132.17 | 23.25 | 155.42 | OK | |
r-devel-linux-x86_64-fedora-clang | 0.1.0 | 330.44 | NOTE | |||
r-devel-linux-x86_64-fedora-gcc | 0.1.0 | 262.70 | OK | |||
r-devel-windows-x86_64 | 0.1.0 | 241.00 | 94.00 | 335.00 | OK | |
r-patched-linux-x86_64 | 0.1.0 | 140.05 | 28.43 | 168.48 | OK | |
r-release-linux-x86_64 | 0.1.0 | 134.88 | 28.27 | 163.15 | OK | |
r-release-macos-arm64 | 0.1.0 | 71.00 | NOTE | |||
r-release-macos-x86_64 | 0.1.0 | 98.00 | NOTE | |||
r-release-windows-x86_64 | 0.1.0 | 240.00 | 88.00 | 328.00 | OK | |
r-oldrel-macos-arm64 | 0.1.0 | 72.00 | NOTE | |||
r-oldrel-macos-x86_64 | 0.1.0 | 104.00 | NOTE | |||
r-oldrel-windows-ix86+x86_64 | 0.1.0 | 431.00 | 113.00 | 544.00 | OK |
Version: 0.1.0
Check: installed package size
Result: NOTE
installed size is 7.4Mb
sub-directories of 1Mb or more:
libs 7.2Mb
Flavors: r-devel-linux-x86_64-fedora-clang, r-release-macos-arm64, r-release-macos-x86_64, r-oldrel-macos-arm64, r-oldrel-macos-x86_64