CRAN Package Check Results for Package RcppParallel

Last updated on 2021-10-26 23:51:15 CEST.

Flavor Version Tinstall Tcheck Ttotal Status Flags
r-devel-linux-x86_64-debian-clang 5.1.4 47.88 72.75 120.63 NOTE
r-devel-linux-x86_64-debian-gcc 5.1.4 34.56 50.41 84.97 NOTE
r-devel-linux-x86_64-fedora-clang 5.1.4 191.24 NOTE
r-devel-linux-x86_64-fedora-gcc 5.1.4 148.79 NOTE
r-devel-windows-x86_64 5.1.4 150.00 104.00 254.00 NOTE
r-devel-windows-x86_64-gcc10-UCRT 5.1.4 NOTE
r-patched-linux-x86_64 5.1.4 41.02 67.15 108.17 NOTE
r-patched-solaris-x86 5.1.4 201.70 NOTE
r-release-linux-x86_64 5.1.4 40.61 66.37 106.98 NOTE
r-release-macos-arm64 5.1.4 NOTE
r-release-macos-x86_64 5.1.4 NOTE
r-release-windows-ix86+x86_64 5.1.4 239.00 164.00 403.00 NOTE
r-oldrel-macos-x86_64 5.1.4 NOTE
r-oldrel-windows-ix86+x86_64 5.1.4 292.00 172.00 464.00 NOTE

Additional issues

gcc-ASAN

Check Details

Version: 5.1.4
Check: for GNU extensions in Makefiles
Result: NOTE
    GNU make is a SystemRequirements.
Flavors: r-devel-linux-x86_64-debian-clang, r-devel-linux-x86_64-debian-gcc, r-devel-linux-x86_64-fedora-clang, r-devel-linux-x86_64-fedora-gcc, r-devel-windows-x86_64, r-devel-windows-x86_64-gcc10-UCRT, r-patched-linux-x86_64, r-patched-solaris-x86, r-release-linux-x86_64, r-release-macos-arm64, r-release-macos-x86_64, r-release-windows-ix86+x86_64, r-oldrel-macos-x86_64, r-oldrel-windows-ix86+x86_64

Version: 5.1.4
Check: installed package size
Result: NOTE
     installed size is 5.0Mb
     sub-directories of 1Mb or more:
     include 2.1Mb
     lib 2.6Mb
Flavors: r-devel-linux-x86_64-fedora-clang, r-release-windows-ix86+x86_64, r-oldrel-windows-ix86+x86_64