Last updated on 2023-01-26 23:56:00 CET.
Flavor | Version | Tinstall | Tcheck | Ttotal | Status | Flags |
---|---|---|---|---|---|---|
r-devel-linux-x86_64-debian-clang | 0.2.3 | 48.30 | 76.78 | 125.08 | OK | |
r-devel-linux-x86_64-debian-gcc | 0.2.3 | 40.42 | 60.74 | 101.16 | OK | |
r-devel-linux-x86_64-fedora-clang | 0.2.3 | 178.29 | NOTE | |||
r-devel-linux-x86_64-fedora-gcc | 0.2.3 | 179.02 | NOTE | |||
r-devel-windows-x86_64 | 0.2.3 | 432.00 | 167.00 | 599.00 | NOTE | |
r-patched-linux-x86_64 | 0.2.3 | 45.04 | 77.37 | 122.41 | OK | |
r-release-linux-x86_64 | 0.2.3 | 45.80 | 78.74 | 124.54 | OK | |
r-release-macos-arm64 | 0.2.3 | 51.00 | NOTE | |||
r-release-macos-x86_64 | 0.2.3 | 84.00 | NOTE | |||
r-release-windows-x86_64 | 0.2.3 | 1044.00 | 158.00 | 1202.00 | NOTE | |
r-oldrel-macos-arm64 | 0.2.3 | 61.00 | NOTE | |||
r-oldrel-macos-x86_64 | 0.2.3 | 102.00 | NOTE | |||
r-oldrel-windows-ix86+x86_64 | 0.2.3 | 129.00 | 207.00 | 336.00 | NOTE |
Version: 0.2.3
Check: installed package size
Result: NOTE
installed size is 7.8Mb
sub-directories of 1Mb or more:
include 7.0Mb
Flavors: r-devel-linux-x86_64-fedora-clang, r-devel-windows-x86_64, r-release-macos-arm64, r-release-macos-x86_64, r-release-windows-x86_64, r-oldrel-macos-arm64, r-oldrel-macos-x86_64, r-oldrel-windows-ix86+x86_64
Version: 0.2.3
Check: C++ specification
Result: NOTE
Specified C++11: please update to current default of C++17
Flavor: r-devel-linux-x86_64-fedora-gcc