CRAN Package Check Results for Package RcppMeCab

Last updated on 2024-06-21 00:57:21 CEST.

Flavor Version Tinstall Tcheck Ttotal Status Flags
r-devel-linux-x86_64-debian-clang 0.0.1.2 51.14 28.12 79.26 NOTE
r-devel-linux-x86_64-debian-gcc 0.0.1.2 36.61 22.53 59.14 NOTE
r-devel-linux-x86_64-fedora-clang 0.0.1.2 107.43 NOTE
r-devel-linux-x86_64-fedora-gcc 0.0.1.2 118.82 NOTE
r-devel-windows-x86_64 0.0.1.2 48.00 84.00 132.00 NOTE
r-patched-linux-x86_64 0.0.1.2 45.22 27.67 72.89 NOTE
r-release-linux-x86_64 0.0.1.2 44.16 27.89 72.05 NOTE
r-release-macos-arm64 0.0.1.2 22.00 ERROR
r-release-macos-x86_64 0.0.1.2 24.00 ERROR
r-release-windows-x86_64 0.0.1.2 51.00 84.00 135.00 NOTE
r-oldrel-macos-arm64 0.0.1.2 30.00 ERROR
r-oldrel-macos-x86_64 0.0.1.2 33.00 ERROR
r-oldrel-windows-x86_64 0.0.1.2 47.00 92.00 139.00 NOTE

Check Details

Version: 0.0.1.2
Check: C++ specification
Result: NOTE Specified C++11: please drop specification unless essential Flavors: r-devel-linux-x86_64-debian-clang, r-devel-linux-x86_64-debian-gcc, r-devel-linux-x86_64-fedora-clang, r-devel-linux-x86_64-fedora-gcc, r-devel-windows-x86_64, r-patched-linux-x86_64, r-release-linux-x86_64, r-release-windows-x86_64, r-oldrel-windows-x86_64

Version: 0.0.1.2
Check: LazyData
Result: NOTE 'LazyData' is specified without a 'data' directory Flavors: r-devel-linux-x86_64-debian-clang, r-devel-linux-x86_64-debian-gcc, r-devel-linux-x86_64-fedora-clang, r-devel-linux-x86_64-fedora-gcc, r-devel-windows-x86_64, r-patched-linux-x86_64, r-release-linux-x86_64, r-release-windows-x86_64, r-oldrel-windows-x86_64

Version: 0.0.1.2
Check: for GNU extensions in Makefiles
Result: NOTE GNU make is a SystemRequirements. Flavors: r-devel-linux-x86_64-debian-clang, r-devel-linux-x86_64-debian-gcc, r-devel-linux-x86_64-fedora-clang, r-devel-linux-x86_64-fedora-gcc, r-devel-windows-x86_64, r-patched-linux-x86_64, r-release-linux-x86_64, r-release-windows-x86_64, r-oldrel-windows-x86_64

Version: 0.0.1.2
Check: whether package can be installed
Result: ERROR Installation failed. Flavors: r-release-macos-arm64, r-release-macos-x86_64, r-oldrel-macos-arm64, r-oldrel-macos-x86_64