Last updated on 2023-01-28 23:51:48 CET.
Flavor | Version | Tinstall | Tcheck | Ttotal | Status | Flags |
---|---|---|---|---|---|---|
r-devel-linux-x86_64-debian-clang | 1.2.2 | 103.58 | 31.52 | 135.10 | OK | |
r-devel-linux-x86_64-debian-gcc | 1.2.2 | 77.76 | 24.25 | 102.01 | NOTE | |
r-devel-linux-x86_64-fedora-clang | 1.2.2 | 202.98 | OK | |||
r-devel-linux-x86_64-fedora-gcc | 1.2.2 | 176.86 | NOTE | |||
r-devel-windows-x86_64 | 1.2.2 | 102.00 | 88.00 | 190.00 | OK | |
r-patched-linux-x86_64 | 1.2.2 | 85.37 | 31.73 | 117.10 | OK | |
r-release-linux-x86_64 | 1.2.2 | 82.72 | 31.83 | 114.55 | OK | |
r-release-macos-arm64 | 1.2.2 | 44.00 | OK | |||
r-release-macos-x86_64 | 1.2.2 | 57.00 | NOTE | |||
r-release-windows-x86_64 | 1.2.2 | 82.00 | 90.00 | 172.00 | OK | |
r-oldrel-macos-arm64 | 1.2.2 | 49.00 | NOTE | |||
r-oldrel-macos-x86_64 | 1.2.2 | 74.00 | NOTE | |||
r-oldrel-windows-ix86+x86_64 | 1.2.2 | 240.00 | 112.00 | 352.00 | OK |
Version: 1.2.2
Check: C++ specification
Result: NOTE
Specified C++11: please update to current default of C++17
Flavors: r-devel-linux-x86_64-debian-gcc, r-devel-linux-x86_64-fedora-gcc
Version: 1.2.2
Check: installed package size
Result: NOTE
installed size is 5.3Mb
sub-directories of 1Mb or more:
libs 5.2Mb
Flavors: r-release-macos-x86_64, r-oldrel-macos-arm64, r-oldrel-macos-x86_64