CRAN Package Check Results for Package RcppGetconf

Last updated on 2024-06-14 00:53:55 CEST.

Flavor Version Tinstall Tcheck Ttotal Status Flags
r-devel-linux-x86_64-debian-clang 0.0.3 24.21 26.59 50.80 OK
r-devel-linux-x86_64-debian-gcc 0.0.3 15.71 21.07 36.78 OK
r-devel-linux-x86_64-fedora-clang 0.0.3 67.94 NOTE
r-devel-linux-x86_64-fedora-gcc 0.0.3 66.11 NOTE
r-patched-linux-x86_64 0.0.3 18.35 25.44 43.79 OK
r-release-linux-x86_64 0.0.3 20.04 26.27 46.31 OK
r-release-macos-arm64 0.0.3 22.00 OK
r-release-macos-x86_64 0.0.3 36.00 OK
r-oldrel-macos-arm64 0.0.3 23.00 OK
r-oldrel-macos-x86_64 0.0.3 34.00 OK

Check Details

Version: 0.0.3
Check: top-level files
Result: NOTE ‘configure’: /bin/bash is not portable Flavors: r-devel-linux-x86_64-fedora-clang, r-devel-linux-x86_64-fedora-gcc