Last updated on 2023-02-06 23:55:55 CET.
Flavor | Version | Tinstall | Tcheck | Ttotal | Status | Flags |
---|---|---|---|---|---|---|
r-devel-linux-x86_64-debian-clang | 0.0.3 | 23.86 | 26.06 | 49.92 | OK | |
r-devel-linux-x86_64-debian-gcc | 0.0.3 | 16.57 | 20.51 | 37.08 | OK | |
r-devel-linux-x86_64-fedora-clang | 0.0.3 | 65.33 | NOTE | |||
r-devel-linux-x86_64-fedora-gcc | 0.0.3 | 60.96 | NOTE | |||
r-patched-linux-x86_64 | 0.0.3 | 19.38 | 27.05 | 46.43 | OK | |
r-release-linux-x86_64 | 0.0.3 | 16.49 | 26.78 | 43.27 | OK | |
r-release-macos-arm64 | 0.0.3 | 21.00 | OK | |||
r-release-macos-x86_64 | 0.0.3 | 28.00 | OK | |||
r-oldrel-macos-arm64 | 0.0.3 | 25.00 | OK | |||
r-oldrel-macos-x86_64 | 0.0.3 | 33.00 | OK |
Version: 0.0.3
Check: top-level files
Result: NOTE
‘configure’: /bin/bash is not portable
Flavors: r-devel-linux-x86_64-fedora-clang, r-devel-linux-x86_64-fedora-gcc