Last updated on 2023-01-28 23:51:48 CET.
Flavor | Version | Tinstall | Tcheck | Ttotal | Status | Flags |
---|---|---|---|---|---|---|
r-devel-linux-x86_64-debian-clang | 1.1 | 21.68 | 55.38 | 77.06 | OK | |
r-devel-linux-x86_64-debian-gcc | 1.1 | 17.39 | 44.73 | 62.12 | NOTE | |
r-devel-linux-x86_64-fedora-clang | 1.1 | 108.95 | OK | |||
r-devel-linux-x86_64-fedora-gcc | 1.1 | 103.95 | NOTE | |||
r-devel-windows-x86_64 | 1.1 | 28.00 | 121.00 | 149.00 | OK | |
r-patched-linux-x86_64 | 1.1 | 19.01 | 57.72 | 76.73 | OK | |
r-release-linux-x86_64 | 1.1 | 16.06 | 60.13 | 76.19 | OK | |
r-release-macos-arm64 | 1.1 | 36.00 | OK | |||
r-release-macos-x86_64 | 1.1 | 54.00 | OK | |||
r-release-windows-x86_64 | 1.1 | 25.00 | 110.00 | 135.00 | OK | |
r-oldrel-macos-arm64 | 1.1 | 35.00 | OK | |||
r-oldrel-macos-x86_64 | 1.1 | 44.00 | OK | |||
r-oldrel-windows-ix86+x86_64 | 1.1 | 59.00 | 126.00 | 185.00 | OK |
Version: 1.1
Check: C++ specification
Result: NOTE
Specified C++11: please update to current default of C++17
Flavors: r-devel-linux-x86_64-debian-gcc, r-devel-linux-x86_64-fedora-gcc