Last updated on 2023-02-08 00:03:36 CET.
Flavor | Version | Tinstall | Tcheck | Ttotal | Status | Flags |
---|---|---|---|---|---|---|
r-devel-linux-x86_64-debian-clang | 0.0.9 | 59.35 | 43.06 | 102.41 | NOTE | |
r-devel-linux-x86_64-debian-gcc | 0.0.9 | 37.53 | 32.25 | 69.78 | NOTE | |
r-devel-windows-x86_64 | 0.0.9 | 51.00 | 77.00 | 128.00 | NOTE | |
r-patched-linux-x86_64 | 0.0.9 | 43.68 | 40.72 | 84.40 | OK | |
r-release-linux-x86_64 | 0.0.9 | 47.50 | 42.01 | 89.51 | OK | |
r-release-macos-arm64 | 0.0.9 | 37.00 | OK | |||
r-release-macos-x86_64 | 0.0.9 | 43.00 | OK | |||
r-release-windows-x86_64 | 0.0.9 | 53.00 | 88.00 | 141.00 | OK | |
r-oldrel-macos-arm64 | 0.0.9 | 34.00 | OK | |||
r-oldrel-macos-x86_64 | 0.0.9 | 41.00 | OK | |||
r-oldrel-windows-ix86+x86_64 | 0.0.9 | 115.00 | 91.00 | 206.00 | OK |
Version: 0.0.9
Check: C++ specification
Result: NOTE
Specified C++11: please update to current default of C++17
Flavors: r-devel-linux-x86_64-debian-clang, r-devel-linux-x86_64-debian-gcc, r-devel-windows-x86_64