CRAN Package Check Results for Package Rcpp

Last updated on 2022-12-08 23:51:23 CET.

Flavor Version Tinstall Tcheck Ttotal Status Flags
r-devel-linux-x86_64-debian-clang 1.0.9 59.52 84.27 143.79 OK
r-devel-linux-x86_64-debian-gcc 1.0.9 39.78 70.59 110.37 OK
r-devel-linux-x86_64-fedora-clang 1.0.9 219.65 NOTE
r-devel-linux-x86_64-fedora-gcc 1.0.9 207.11 NOTE
r-devel-windows-x86_64 1.0.9 548.00 276.00 824.00 NOTE
r-patched-linux-x86_64 1.0.9 52.42 79.85 132.27 OK
r-release-linux-x86_64 1.0.9 51.10 77.69 128.79 OK
r-release-macos-arm64 1.0.9 80.00 NOTE
r-release-macos-x86_64 1.0.9 112.00 NOTE
r-release-windows-x86_64 1.0.9 323.00 8.00 331.00 ERROR
r-oldrel-macos-arm64 1.0.9 81.00 NOTE
r-oldrel-macos-x86_64 1.0.9 109.00 NOTE
r-oldrel-windows-ix86+x86_64 1.0.9 132.00 149.00 281.00 NOTE

Additional issues

M1mac M1mac

Check Details

Version: 1.0.9
Check: installed package size
Result: NOTE
     installed size is 10.3Mb
     sub-directories of 1Mb or more:
     doc 1.2Mb
     include 6.4Mb
     tinytest 1.0Mb
Flavors: r-devel-linux-x86_64-fedora-clang, r-devel-windows-x86_64, r-release-macos-arm64, r-release-macos-x86_64, r-oldrel-macos-arm64, r-oldrel-macos-x86_64, r-oldrel-windows-ix86+x86_64

Version: 1.0.9
Check: foreign function calls
Result: NOTE
    Registration problem:
     symbol ‘symbol’ in the local frame:
     .Call(symbol)
    See chapter ‘System and foreign language interfaces’ in the ‘Writing R
    Extensions’ manual.
Flavors: r-devel-linux-x86_64-fedora-clang, r-devel-linux-x86_64-fedora-gcc

Version: 1.0.9
Check: whether package can be installed
Result: ERROR
    Installation failed.
Flavor: r-release-windows-x86_64