CRAN Package Check Results for Package RcmdrPlugin.UCA

Last updated on 2021-09-23 23:50:17 CEST.

Flavor Version Tinstall Tcheck Ttotal Status Flags
r-devel-linux-x86_64-debian-clang 4.4-3 18.43 142.25 160.68 NOTE
r-devel-linux-x86_64-debian-gcc 4.4-3 15.16 107.92 123.08 NOTE
r-devel-linux-x86_64-fedora-clang 4.4-3 204.05 NOTE
r-devel-linux-x86_64-fedora-gcc 4.4-3 196.67 NOTE
r-devel-windows-x86_64 4.4-3 20.00 132.00 152.00 NOTE
r-devel-windows-x86_64-gcc10-UCRT 4.4-3 NOTE
r-patched-linux-x86_64 4.4-3 18.71 139.46 158.17 NOTE
r-patched-solaris-x86 4.4-3 286.80 NOTE
r-release-linux-x86_64 4.4-3 17.29 140.99 158.28 NOTE
r-release-macos-arm64 4.4-3 NOTE
r-release-macos-x86_64 4.4-3 NOTE
r-release-windows-ix86+x86_64 4.4-3 40.00 170.00 210.00 NOTE
r-oldrel-macos-x86_64 4.4-3 NOTE
r-oldrel-windows-ix86+x86_64 4.4-3 30.00 132.00 162.00 NOTE

Check Details

Version: 4.4-3
Check: package dependencies
Result: NOTE
    Depends: includes the non-default packages:
     'IQCC', 'qcc', 'qicharts2', 'randtests', 'rmarkdown',
     'TeachingDemos', 'tseries'
    Adding so many packages to the search path is excessive and importing
    selectively is preferable.
Flavors: r-devel-linux-x86_64-debian-clang, r-devel-linux-x86_64-debian-gcc, r-devel-linux-x86_64-fedora-clang, r-devel-linux-x86_64-fedora-gcc, r-devel-windows-x86_64, r-devel-windows-x86_64-gcc10-UCRT, r-patched-linux-x86_64, r-patched-solaris-x86, r-release-linux-x86_64, r-release-macos-arm64, r-release-macos-x86_64, r-release-windows-ix86+x86_64, r-oldrel-macos-x86_64, r-oldrel-windows-ix86+x86_64