Last updated on 2023-02-06 23:55:55 CET.
Flavor | Version | Tinstall | Tcheck | Ttotal | Status | Flags |
---|---|---|---|---|---|---|
r-devel-linux-x86_64-debian-clang | 0.0-2 | 22.80 | 155.37 | 178.17 | NOTE | |
r-devel-linux-x86_64-debian-gcc | 0.0-2 | 18.37 | 112.18 | 130.55 | NOTE | |
r-devel-linux-x86_64-fedora-clang | 0.0-2 | 219.60 | NOTE | |||
r-devel-linux-x86_64-fedora-gcc | 0.0-2 | 216.12 | NOTE | |||
r-devel-windows-x86_64 | 0.0-2 | 46.00 | 221.00 | 267.00 | NOTE | |
r-patched-linux-x86_64 | 0.0-2 | 26.74 | 160.77 | 187.51 | OK | |
r-release-linux-x86_64 | 0.0-2 | 26.40 | 165.40 | 191.80 | OK | |
r-release-macos-arm64 | 0.0-2 | 84.00 | OK | |||
r-release-macos-x86_64 | 0.0-2 | 193.00 | OK | |||
r-release-windows-x86_64 | 0.0-2 | 83.00 | 197.00 | 280.00 | OK | |
r-oldrel-macos-arm64 | 0.0-2 | 86.00 | OK | |||
r-oldrel-macos-x86_64 | 0.0-2 | 151.00 | OK | |||
r-oldrel-windows-ix86+x86_64 | 0.0-2 | 46.00 | 172.00 | 218.00 | OK |
Version: 0.0-2
Check: Rd files
Result: NOTE
checkRd: (-1) RcmdrPlugin.MA-package.Rd:21: Escaped LaTeX specials: \&
checkRd: (-1) RcmdrPlugin.MA-package.Rd:23: Escaped LaTeX specials: \&
Flavors: r-devel-linux-x86_64-debian-clang, r-devel-linux-x86_64-debian-gcc, r-devel-linux-x86_64-fedora-clang, r-devel-linux-x86_64-fedora-gcc, r-devel-windows-x86_64