CRAN Package Check Results for Package RcmdrPlugin.DCE

Last updated on 2022-01-23 23:50:27 CET.

Flavor Version Tinstall Tcheck Ttotal Status Flags
r-devel-linux-x86_64-debian-clang 0.1-2 16.22 131.99 148.21 OK
r-devel-linux-x86_64-debian-gcc 0.1-2 14.58 111.51 126.09 OK
r-devel-linux-x86_64-fedora-clang 0.1-2 181.73 OK
r-devel-linux-x86_64-fedora-gcc 0.1-2 169.85 OK
r-devel-windows-x86_64-new-UL 0.1-2 40.00 148.00 188.00 OK
r-devel-windows-x86_64-new-TK 0.1-2 ERROR
r-patched-linux-x86_64 0.1-2 21.71 124.40 146.11 OK
r-release-linux-x86_64 0.1-2 15.35 125.89 141.24 OK
r-release-macos-arm64 0.1-2 OK
r-release-macos-x86_64 0.1-2 OK
r-release-windows-ix86+x86_64 0.1-2 39.00 146.00 185.00 OK
r-oldrel-macos-x86_64 0.1-2 OK
r-oldrel-windows-ix86+x86_64 0.1-2 39.00 144.00 183.00 OK

Check Details

Version: 0.1-2
Check: package dependencies
Result: ERROR
    Package required but not available: 'Rcmdr'
    
    See section 'The DESCRIPTION file' in the 'Writing R Extensions'
    manual.
Flavor: r-devel-windows-x86_64-new-TK