CRAN Package Check Results for Package RclusTool

Last updated on 2021-10-18 23:49:43 CEST.

Flavor Version Tinstall Tcheck Ttotal Status Flags
r-devel-linux-x86_64-debian-clang 0.91.3 24.65 138.69 163.34 NOTE
r-devel-linux-x86_64-debian-gcc 0.91.3 18.64 102.19 120.83 NOTE
r-devel-linux-x86_64-fedora-clang 0.91.3 210.29 NOTE
r-devel-linux-x86_64-fedora-gcc 0.91.3 195.78 NOTE
r-devel-windows-x86_64 0.91.3 31.00 168.00 199.00 NOTE
r-devel-windows-x86_64-gcc10-UCRT 0.91.3 NOTE
r-patched-linux-x86_64 0.91.3 25.52 133.10 158.62 NOTE
r-patched-solaris-x86 0.91.3 273.90 NOTE
r-release-linux-x86_64 0.91.3 24.92 130.75 155.67 NOTE
r-release-macos-arm64 0.91.3 NOTE
r-release-macos-x86_64 0.91.3 NOTE
r-release-windows-ix86+x86_64 0.91.3 40.00 158.00 198.00 NOTE
r-oldrel-macos-x86_64 0.91.3 OK
r-oldrel-windows-ix86+x86_64 0.91.3 41.00 163.00 204.00 OK

Check Details

Version: 0.91.3
Check: LazyData
Result: NOTE
     'LazyData' is specified without a 'data' directory
Flavors: r-devel-linux-x86_64-debian-clang, r-devel-linux-x86_64-debian-gcc, r-devel-linux-x86_64-fedora-clang, r-devel-linux-x86_64-fedora-gcc, r-devel-windows-x86_64, r-devel-windows-x86_64-gcc10-UCRT, r-patched-linux-x86_64, r-patched-solaris-x86, r-release-linux-x86_64, r-release-macos-arm64, r-release-macos-x86_64, r-release-windows-ix86+x86_64