Last updated on 2023-01-26 23:56:00 CET.
Flavor | Version | Tinstall | Tcheck | Ttotal | Status | Flags |
---|---|---|---|---|---|---|
r-devel-linux-x86_64-debian-clang | 1.2.1.1 | 2.19 | 23.94 | 26.13 | NOTE | |
r-devel-linux-x86_64-debian-gcc | 1.2.1.1 | 1.49 | 18.72 | 20.21 | NOTE | |
r-devel-linux-x86_64-fedora-clang | 1.2.1.1 | 34.35 | NOTE | |||
r-devel-linux-x86_64-fedora-gcc | 1.2.1.1 | 46.24 | NOTE | |||
r-devel-windows-x86_64 | 1.2.1.1 | 44.00 | 54.00 | 98.00 | NOTE | |
r-patched-linux-x86_64 | 1.2.1.1 | 1.98 | 23.80 | 25.78 | NOTE | |
r-release-linux-x86_64 | 1.2.1.1 | 2.34 | 24.39 | 26.73 | NOTE | |
r-release-macos-arm64 | 1.2.1.1 | 17.00 | NOTE | |||
r-release-macos-x86_64 | 1.2.1.1 | 23.00 | NOTE | |||
r-release-windows-x86_64 | 1.2.1.1 | 63.00 | 57.00 | 120.00 | NOTE | |
r-oldrel-macos-arm64 | 1.2.1.1 | 20.00 | NOTE | |||
r-oldrel-macos-x86_64 | 1.2.1.1 | 28.00 | NOTE | |||
r-oldrel-windows-ix86+x86_64 | 1.2.1.1 | 5.00 | 48.00 | 53.00 | NOTE |
Version: 1.2.1.1
Check: LazyData
Result: NOTE
'LazyData' is specified without a 'data' directory
Flavors: r-devel-linux-x86_64-debian-clang, r-devel-linux-x86_64-debian-gcc, r-devel-linux-x86_64-fedora-clang, r-devel-linux-x86_64-fedora-gcc, r-devel-windows-x86_64, r-patched-linux-x86_64, r-release-linux-x86_64, r-release-macos-arm64, r-release-macos-x86_64, r-release-windows-x86_64, r-oldrel-macos-arm64, r-oldrel-macos-x86_64, r-oldrel-windows-ix86+x86_64