Last updated on 2023-01-28 23:51:48 CET.
Flavor | Version | Tinstall | Tcheck | Ttotal | Status | Flags |
---|---|---|---|---|---|---|
r-devel-linux-x86_64-debian-clang | 1.3.82 | 7.82 | 137.78 | 145.60 | OK | |
r-devel-linux-x86_64-debian-gcc | 1.3.82 | 5.80 | 100.71 | 106.51 | OK | |
r-devel-linux-x86_64-fedora-clang | 1.3.82 | 162.00 | NOTE | |||
r-devel-linux-x86_64-fedora-gcc | 1.3.82 | 162.49 | NOTE | |||
r-devel-windows-x86_64 | 1.3.82 | 22.00 | 154.00 | 176.00 | OK | |
r-patched-linux-x86_64 | 1.3.82 | 9.88 | 118.66 | 128.54 | OK | |
r-release-linux-x86_64 | 1.3.82 | 9.24 | 122.20 | 131.44 | OK | |
r-release-macos-arm64 | 1.3.82 | 40.00 | NOTE | |||
r-release-macos-x86_64 | 1.3.82 | 79.00 | NOTE | |||
r-release-windows-x86_64 | 1.3.82 | 29.00 | 143.00 | 172.00 | OK | |
r-oldrel-macos-arm64 | 1.3.82 | 47.00 | NOTE | |||
r-oldrel-macos-x86_64 | 1.3.82 | 78.00 | NOTE | |||
r-oldrel-windows-ix86+x86_64 | 1.3.82 | 19.00 | 149.00 | 168.00 | OK |
Version: 1.3.82
Check: data for non-ASCII characters
Result: NOTE
Note: found 26334 marked UTF-8 strings
Flavors: r-devel-linux-x86_64-fedora-clang, r-devel-linux-x86_64-fedora-gcc, r-release-macos-arm64, r-release-macos-x86_64, r-oldrel-macos-arm64, r-oldrel-macos-x86_64