CRAN Package Check Results for Package Rarefy

Last updated on 2021-10-20 23:50:21 CEST.

Flavor Version Tinstall Tcheck Ttotal Status Flags
r-devel-linux-x86_64-debian-clang 1.1 22.26 528.32 550.58 OK
r-devel-linux-x86_64-debian-gcc 1.1 18.04 361.87 379.91 OK
r-devel-linux-x86_64-fedora-clang 1.1 650.75 OK
r-devel-linux-x86_64-fedora-gcc 1.1 656.19 OK
r-devel-windows-x86_64 1.1 33.00 598.00 631.00 OK
r-devel-windows-x86_64-gcc10-UCRT 1.1 ERROR
r-patched-linux-x86_64 1.1 26.35 480.40 506.75 OK
r-patched-solaris-x86 1.1 344.20 OK
r-release-linux-x86_64 1.1 23.41 479.51 502.92 OK
r-release-macos-arm64 1.1 OK
r-release-macos-x86_64 1.1 OK
r-release-windows-ix86+x86_64 1.1 50.00 581.00 631.00 OK
r-oldrel-macos-x86_64 1.1 OK
r-oldrel-windows-ix86+x86_64 1.1 72.00 622.00 694.00 OK

Check Details

Version: 1.1
Check: package dependencies
Result: ERROR
    Packages required but not available: 'adiv', 'geiger'
    
    Packages suggested but not available for checking:
     'phyloregion', 'phytools'
    
    See section 'The DESCRIPTION file' in the 'Writing R Extensions'
    manual.
Flavor: r-devel-windows-x86_64-gcc10-UCRT