CRAN Package Check Results for Package Raquifer

Last updated on 2021-11-28 23:50:37 CET.

Flavor Version Tinstall Tcheck Ttotal Status Flags
r-devel-linux-x86_64-debian-clang 0.1.0 NOTE
r-devel-linux-x86_64-debian-gcc 0.1.0 4.58 45.48 50.06 NOTE
r-devel-linux-x86_64-fedora-clang 0.1.0 97.78 NOTE
r-devel-linux-x86_64-fedora-gcc 0.1.0 82.56 NOTE
r-devel-windows-x86_64-new-UL 0.1.0 13.00 97.00 110.00 NOTE
r-devel-windows-x86_64-new-TK 0.1.0 NOTE
r-devel-windows-x86_64-old 0.1.0 9.00 60.00 69.00 NOTE
r-patched-linux-x86_64 0.1.0 4.87 56.36 61.23 NOTE
r-patched-solaris-x86 0.1.0 98.50 NOTE
r-release-linux-x86_64 0.1.0 6.36 57.54 63.90 NOTE
r-release-macos-arm64 0.1.0 NOTE
r-release-macos-x86_64 0.1.0 NOTE
r-release-windows-ix86+x86_64 0.1.0 19.00 85.00 104.00 NOTE
r-oldrel-macos-x86_64 0.1.0 OK
r-oldrel-windows-ix86+x86_64 0.1.0 14.00 81.00 95.00 OK

Check Details

Version: 0.1.0
Check: LazyData
Result: NOTE
     'LazyData' is specified without a 'data' directory
Flavors: r-devel-linux-x86_64-debian-clang, r-devel-linux-x86_64-debian-gcc, r-devel-linux-x86_64-fedora-clang, r-devel-linux-x86_64-fedora-gcc, r-devel-windows-x86_64-new-UL, r-devel-windows-x86_64-new-TK, r-devel-windows-x86_64-old, r-patched-linux-x86_64, r-patched-solaris-x86, r-release-linux-x86_64, r-release-macos-arm64, r-release-macos-x86_64, r-release-windows-ix86+x86_64