CRAN Package Check Results for Package Rage

Last updated on 2021-10-15 23:50:39 CEST.

Flavor Version Tinstall Tcheck Ttotal Status Flags
r-devel-linux-x86_64-debian-clang 1.1.0 12.12 111.56 123.68 OK
r-devel-linux-x86_64-debian-gcc 1.1.0 8.68 84.57 93.25 OK
r-devel-linux-x86_64-fedora-clang 1.1.0 159.99 NOTE
r-devel-linux-x86_64-fedora-gcc 1.1.0 146.33 NOTE
r-devel-windows-x86_64 1.1.0 20.00 101.00 121.00 OK
r-devel-windows-x86_64-gcc10-UCRT 1.1.0 NOTE
r-patched-linux-x86_64 1.1.0 11.37 118.17 129.54 OK
r-patched-solaris-x86 1.1.0 194.80 NOTE
r-release-linux-x86_64 1.1.0 10.40 116.43 126.83 OK
r-release-macos-arm64 1.1.0 NOTE
r-release-macos-x86_64 1.1.0 WARN
r-release-windows-ix86+x86_64 1.1.0 24.00 151.00 175.00 OK
r-oldrel-macos-x86_64 1.1.0 WARN
r-oldrel-windows-ix86+x86_64 1.1.0 26.00 155.00 181.00 OK

Check Details

Version: 1.1.0
Check: dependencies in R code
Result: NOTE
    Namespace in Imports field not imported from: ‘Rcompadre’
     All declared Imports should be used.
Flavors: r-devel-linux-x86_64-fedora-clang, r-devel-linux-x86_64-fedora-gcc, r-devel-windows-x86_64-gcc10-UCRT, r-patched-solaris-x86, r-release-macos-arm64, r-release-macos-x86_64, r-oldrel-macos-x86_64

Version: 1.1.0
Check: re-building of vignette outputs
Result: WARN
    Error(s) in re-building vignettes:
    --- re-building ‘a01_GettingStarted.Rmd’ using rmarkdown
    Warning in engine$weave(file, quiet = quiet, encoding = enc) :
     Pandoc (>= 1.12.3) not available. Falling back to R Markdown v1.
    Quitting from lines 40-78 (a01_GettingStarted.Rmd)
    Error: processing vignette 'a01_GettingStarted.Rmd' failed with diagnostics:
    invalid 'path' argument
    --- failed re-building ‘a01_GettingStarted.Rmd’
    
    --- re-building ‘a02_VitalRates.Rmd’ using rmarkdown
    Warning in engine$weave(file, quiet = quiet, encoding = enc) :
     Pandoc (>= 1.12.3) not available. Falling back to R Markdown v1.
    --- finished re-building ‘a02_VitalRates.Rmd’
    
    --- re-building ‘a03_LifeHistoryTraits.Rmd’ using rmarkdown
    Warning in engine$weave(file, quiet = quiet, encoding = enc) :
     Pandoc (>= 1.12.3) not available. Falling back to R Markdown v1.
    --- finished re-building ‘a03_LifeHistoryTraits.Rmd’
    
    --- re-building ‘a04_AgeFromStage.Rmd’ using rmarkdown
    Warning in engine$weave(file, quiet = quiet, encoding = enc) :
     Pandoc (>= 1.12.3) not available. Falling back to R Markdown v1.
    --- finished re-building ‘a04_AgeFromStage.Rmd’
    
    SUMMARY: processing the following file failed:
     ‘a01_GettingStarted.Rmd’
    
    Error: Vignette re-building failed.
    Execution halted
Flavors: r-release-macos-x86_64, r-oldrel-macos-x86_64