CRAN Package Check Results for Package RadTran

Last updated on 2022-01-20 23:52:25 CET.

Flavor Version Tinstall Tcheck Ttotal Status Flags
r-devel-linux-x86_64-debian-clang 1.0 NOTE
r-devel-linux-x86_64-debian-gcc 1.0 1.54 31.30 32.84 NOTE
r-devel-linux-x86_64-fedora-clang 1.0 51.80 NOTE
r-devel-linux-x86_64-fedora-gcc 1.0 41.25 NOTE
r-devel-windows-x86_64-new-UL 1.0 14.00 57.00 71.00 NOTE
r-devel-windows-x86_64-new-TK 1.0 NOTE
r-patched-linux-x86_64 1.0 2.48 38.94 41.42 NOTE
r-release-linux-x86_64 1.0 2.42 37.95 40.37 NOTE
r-release-macos-arm64 1.0 NOTE
r-release-macos-x86_64 1.0 NOTE
r-release-windows-ix86+x86_64 1.0 6.00 48.00 54.00 NOTE
r-oldrel-macos-x86_64 1.0 NOTE
r-oldrel-windows-ix86+x86_64 1.0 6.00 48.00 54.00 NOTE

Check Details

Version: 1.0
Check: R code for possible problems
Result: NOTE
    RnDif.het: no visible global function definition for 'runif'
    RnDif.hom: no visible global function definition for 'runif'
    RnDifAdv.hom: no visible global function definition for 'runif'
    SoilAdv.hom: no visible global function definition for 'runif'
    Undefined global functions or variables:
     runif
    Consider adding
     importFrom("stats", "runif")
    to your NAMESPACE file.
Flavors: r-devel-linux-x86_64-debian-clang, r-devel-linux-x86_64-debian-gcc, r-devel-linux-x86_64-fedora-clang, r-devel-linux-x86_64-fedora-gcc, r-devel-windows-x86_64-new-UL, r-devel-windows-x86_64-new-TK, r-patched-linux-x86_64, r-release-linux-x86_64, r-release-macos-arm64, r-release-macos-x86_64, r-release-windows-ix86+x86_64, r-oldrel-macos-x86_64, r-oldrel-windows-ix86+x86_64