Last updated on 2023-10-04 00:58:34 CEST.
Flavor | Version | Tinstall | Tcheck | Ttotal | Status | Flags |
---|---|---|---|---|---|---|
r-devel-linux-x86_64-debian-clang | 1.0.1 | 10.48 | 24.02 | 34.50 | OK | |
r-devel-linux-x86_64-debian-gcc | 1.0.1 | 9.34 | 20.10 | 29.44 | OK | |
r-devel-linux-x86_64-fedora-clang | 1.0.1 | 44.12 | OK | |||
r-devel-linux-x86_64-fedora-gcc | 1.0.1 | 44.12 | OK | |||
r-devel-windows-x86_64 | 1.0.1 | 10.00 | 42.00 | 52.00 | OK | |
r-patched-linux-x86_64 | 1.0.1 | 9.25 | 24.76 | 34.01 | OK | |
r-release-linux-x86_64 | 1.0.1 | 9.99 | 24.75 | 34.74 | OK | |
r-release-macos-arm64 | 1.0.1 | 25.00 | NOTE | |||
r-release-macos-x86_64 | 1.0.1 | 33.00 | NOTE | |||
r-release-windows-x86_64 | 1.0.1 | 15.00 | 42.00 | 57.00 | OK | |
r-oldrel-macos-arm64 | 1.0.1 | 23.00 | NOTE | |||
r-oldrel-macos-x86_64 | 1.0.1 | 28.00 | OK | |||
r-oldrel-windows-x86_64 | 1.0.1 | 14.00 | 45.00 | 59.00 | OK |
Version: 1.0.1
Check: installed package size
Result: NOTE
installed size is 5.2Mb
sub-directories of 1Mb or more:
data 5.0Mb
Flavors: r-release-macos-arm64, r-release-macos-x86_64, r-oldrel-macos-arm64