CRAN Package Check Results for Package RXshrink

Last updated on 2024-06-15 23:34:28 CEST.

Flavor Version Tinstall Tcheck Ttotal Status Flags
r-devel-linux-x86_64-debian-clang 2.3 8.49 54.20 62.69 NOTE
r-devel-linux-x86_64-debian-gcc 2.3 5.14 39.22 44.36 NOTE
r-devel-linux-x86_64-fedora-clang 2.3 74.28 NOTE
r-devel-linux-x86_64-fedora-gcc 2.3 69.66 NOTE
r-devel-windows-x86_64 2.3 6.00 66.00 72.00 NOTE
r-patched-linux-x86_64 2.3 8.83 49.68 58.51 NOTE
r-release-linux-x86_64 2.3 7.72 49.81 57.53 NOTE
r-release-macos-arm64 2.3 25.00 NOTE
r-release-macos-x86_64 2.3 43.00 NOTE
r-release-windows-x86_64 2.3 7.00 67.00 74.00 NOTE
r-oldrel-macos-arm64 2.3 25.00 OK
r-oldrel-macos-x86_64 2.3 82.00 OK
r-oldrel-windows-x86_64 2.3 6.00 71.00 77.00 OK

Check Details

Version: 2.3
Check: Rd files
Result: NOTE checkRd: (-1) plot.eff.ridge.Rd:6: Lost braces 6 | emph{Single Interior Knot} at the MSE Optimal m-Extent of Shrinkage. The | ^ Flavors: r-devel-linux-x86_64-debian-clang, r-devel-linux-x86_64-debian-gcc, r-devel-linux-x86_64-fedora-clang, r-devel-linux-x86_64-fedora-gcc, r-devel-windows-x86_64, r-patched-linux-x86_64, r-release-linux-x86_64, r-release-macos-arm64, r-release-macos-x86_64, r-release-windows-x86_64