CRAN Package Check Results for Package RWebLogo

Last updated on 2022-01-23 23:50:29 CET.

Flavor Version Tinstall Tcheck Ttotal Status Flags
r-devel-linux-x86_64-debian-clang 1.0.3 2.05 34.89 36.94 NOTE
r-devel-linux-x86_64-debian-gcc 1.0.3 1.80 29.56 31.36 NOTE
r-devel-linux-x86_64-fedora-clang 1.0.3 48.56 NOTE
r-devel-linux-x86_64-fedora-gcc 1.0.3 37.29 NOTE
r-devel-windows-x86_64-new-UL 1.0.3 675.00 66.00 741.00 NOTE
r-devel-windows-x86_64-new-TK 1.0.3 NOTE
r-patched-linux-x86_64 1.0.3 2.23 33.64 35.87 NOTE
r-release-linux-x86_64 1.0.3 2.26 33.42 35.68 NOTE
r-release-macos-arm64 1.0.3 NOTE
r-release-macos-x86_64 1.0.3 NOTE
r-release-windows-ix86+x86_64 1.0.3 6.00 37.00 43.00 NOTE
r-oldrel-macos-x86_64 1.0.3 NOTE
r-oldrel-windows-ix86+x86_64 1.0.3 6.00 41.00 47.00 NOTE

Check Details

Version: 1.0.3
Check: R code for possible problems
Result: NOTE
    weblogo: no visible global function definition for 'browseURL'
    Undefined global functions or variables:
     browseURL
    Consider adding
     importFrom("utils", "browseURL")
    to your NAMESPACE file.
Flavors: r-devel-linux-x86_64-debian-clang, r-devel-linux-x86_64-debian-gcc, r-devel-linux-x86_64-fedora-clang, r-devel-linux-x86_64-fedora-gcc, r-devel-windows-x86_64-new-UL, r-devel-windows-x86_64-new-TK, r-patched-linux-x86_64, r-release-linux-x86_64, r-release-macos-arm64, r-release-macos-x86_64, r-release-windows-ix86+x86_64, r-oldrel-macos-x86_64, r-oldrel-windows-ix86+x86_64

Version: 1.0.3
Check: for non-standard things in the check directory
Result: NOTE
    Found the following files/directories:
     'RWebLogo.pdf' 'RWebLogo.png'
Flavors: r-devel-linux-x86_64-debian-clang, r-devel-linux-x86_64-debian-gcc, r-devel-linux-x86_64-fedora-clang, r-devel-linux-x86_64-fedora-gcc, r-patched-linux-x86_64, r-release-linux-x86_64